Last updated on 2024-03-27 22:57:47 CET.
Flavor | Version | Tinstall | Tcheck | Ttotal | Status | Flags |
---|---|---|---|---|---|---|
r-devel-linux-x86_64-debian-clang | 1.8 | 15.66 | 116.11 | 131.77 | OK | |
r-devel-linux-x86_64-debian-gcc | 1.8 | 9.50 | 86.06 | 95.56 | OK | |
r-devel-linux-x86_64-fedora-clang | 1.8 | 161.41 | NOTE | |||
r-devel-linux-x86_64-fedora-gcc | 1.8 | 155.16 | OK | |||
r-devel-windows-x86_64 | 1.8 | 13.00 | 96.00 | 109.00 | OK | |
r-patched-linux-x86_64 | 1.8 | 11.02 | 114.67 | 125.69 | OK | |
r-release-linux-x86_64 | 1.8 | 9.03 | 109.84 | 118.87 | OK | |
r-release-macos-arm64 | 1.8 | 48.00 | OK | |||
r-release-macos-x86_64 | 1.8 | 82.00 | NOTE | |||
r-release-windows-x86_64 | 1.8 | 16.00 | 118.00 | 134.00 | OK | |
r-oldrel-macos-arm64 | 1.8 | 45.00 | OK | |||
r-oldrel-windows-x86_64 | 1.8 | 17.00 | 126.00 | 143.00 | OK |
Version: 1.8
Check: Rd cross-references
Result: NOTE
Undeclared package ‘caret’ in Rd xrefs
Flavor: r-devel-linux-x86_64-fedora-clang
Version: 1.8
Check: Rd cross-references
Result: NOTE
Package unavailable to check Rd xrefs: ‘caret’
Flavor: r-release-macos-x86_64