Last updated on 2023-12-01 21:54:06 CET.
Flavor | Version | Tinstall | Tcheck | Ttotal | Status | Flags |
---|---|---|---|---|---|---|
r-devel-linux-x86_64-debian-clang | 1.1.5 | 181.14 | 64.92 | 246.06 | NOTE | |
r-devel-linux-x86_64-debian-gcc | 1.1.5 | 133.95 | 49.50 | 183.45 | NOTE | |
r-devel-linux-x86_64-fedora-clang | 1.1.5 | 346.77 | NOTE | |||
r-devel-linux-x86_64-fedora-gcc | 1.1.5 | 374.07 | NOTE | |||
r-devel-windows-x86_64 | 1.1.5 | 137.00 | 98.00 | 235.00 | NOTE | |
r-patched-linux-x86_64 | 1.1.5 | 141.95 | 63.62 | 205.57 | NOTE | |
r-release-linux-x86_64 | 1.1.5 | 158.47 | 65.39 | 223.86 | NOTE | |
r-release-macos-arm64 | 1.1.5 | 91.00 | NOTE | |||
r-release-macos-x86_64 | 1.1.5 | 171.00 | NOTE | |||
r-release-windows-x86_64 | 1.1.5 | 190.00 | 108.00 | 298.00 | NOTE | |
r-oldrel-macos-arm64 | 1.1.5 | 84.00 | NOTE | |||
r-oldrel-macos-x86_64 | 1.1.5 | 114.00 | NOTE | |||
r-oldrel-windows-x86_64 | 1.1.5 | 165.00 | 109.00 | 274.00 | NOTE |
Version: 1.1.5
Check: C++ specification
Result: NOTE
Specified C++11: please drop specification unless essential
Flavors: r-devel-linux-x86_64-debian-clang, r-devel-linux-x86_64-debian-gcc, r-devel-linux-x86_64-fedora-clang, r-devel-linux-x86_64-fedora-gcc, r-devel-windows-x86_64, r-patched-linux-x86_64, r-release-linux-x86_64, r-release-macos-arm64, r-release-macos-x86_64, r-release-windows-x86_64
Version: 1.1.5
Check: for GNU extensions in Makefiles
Result: NOTE
GNU make is a SystemRequirements.
Flavors: r-devel-linux-x86_64-debian-clang, r-devel-linux-x86_64-debian-gcc, r-devel-linux-x86_64-fedora-clang, r-devel-linux-x86_64-fedora-gcc, r-devel-windows-x86_64, r-patched-linux-x86_64, r-release-linux-x86_64, r-release-macos-arm64, r-release-macos-x86_64, r-release-windows-x86_64, r-oldrel-macos-arm64, r-oldrel-macos-x86_64, r-oldrel-windows-x86_64
Version: 1.1.5
Check: installed package size
Result: NOTE
installed size is 9.7Mb
sub-directories of 1Mb or more:
libs 9.6Mb
Flavors: r-release-macos-arm64, r-release-macos-x86_64, r-oldrel-macos-arm64, r-oldrel-macos-x86_64