CRAN Package Check Results for Package GPUmatrix

Last updated on 2024-03-02 22:41:55 CET.

Flavor Version Tinstall Tcheck Ttotal Status Flags
r-devel-linux-x86_64-debian-clang 1.0.1 18.75 104.56 123.31 OK
r-devel-linux-x86_64-debian-gcc 1.0.2 16.10 87.52 103.62 OK
r-devel-linux-x86_64-fedora-clang 1.0.2 168.22 NOTE
r-devel-linux-x86_64-fedora-gcc 1.0.2 174.23 OK
r-devel-windows-x86_64 1.0.1 18.00 110.00 128.00 OK
r-patched-linux-x86_64 1.0.1 20.37 101.76 122.13 OK
r-release-linux-x86_64 1.0.1 14.78 101.18 115.96 OK
r-release-macos-arm64 1.0.1 70.00 OK
r-release-macos-x86_64 1.0.2 157.00 OK
r-release-windows-x86_64 1.0.1 21.00 125.00 146.00 OK
r-oldrel-macos-arm64 1.0.1 55.00 OK
r-oldrel-windows-x86_64 1.0.2 31.00 155.00 186.00 OK

Check Details

Version: 1.0.2
Check: Rd cross-references
Result: NOTE Undeclared package ‘speedglm’ in Rd xrefs Flavor: r-devel-linux-x86_64-fedora-clang