CRAN Package Check Results for Package GPoM

Last updated on 2024-02-22 21:51:41 CET.

Flavor Version Tinstall Tcheck Ttotal Status Flags
r-devel-linux-x86_64-debian-clang 1.4 OK
r-devel-linux-x86_64-debian-gcc 1.4 8.55 535.86 544.41 OK
r-devel-linux-x86_64-fedora-clang 1.4 982.10 NOTE
r-devel-linux-x86_64-fedora-gcc 1.4 912.66 OK
r-devel-windows-x86_64 1.4 10.00 133.00 143.00 NOTE --no-vignettes
r-patched-linux-x86_64 1.4 7.21 748.75 755.96 OK
r-release-linux-x86_64 1.4 6.75 746.13 752.88 OK
r-release-macos-arm64 1.4 212.00 NOTE
r-release-macos-x86_64 1.4 551.00 NOTE
r-release-windows-x86_64 1.4 13.00 143.00 156.00 NOTE --no-vignettes
r-oldrel-macos-arm64 1.4 205.00 NOTE
r-oldrel-windows-x86_64 1.4 13.00 141.00 154.00 NOTE --no-vignettes

Check Details

Version: 1.4
Check: installed package size
Result: NOTE installed size is 5.3Mb sub-directories of 1Mb or more: data 1.4Mb doc 3.5Mb Flavors: r-devel-linux-x86_64-fedora-clang, r-release-macos-arm64, r-release-macos-x86_64, r-oldrel-macos-arm64

Version: 1.4
Flags: --no-vignettes
Check: installed package size
Result: NOTE installed size is 5.2Mb sub-directories of 1Mb or more: data 1.4Mb doc 3.5Mb Flavors: r-devel-windows-x86_64, r-release-windows-x86_64, r-oldrel-windows-x86_64