Last updated on 2024-04-28 22:50:55 CEST.
Flavor | Version | Tinstall | Tcheck | Ttotal | Status | Flags |
---|---|---|---|---|---|---|
r-devel-linux-x86_64-debian-clang | 0.2.1 | 14.04 | 179.92 | 193.96 | NOTE | |
r-devel-linux-x86_64-debian-gcc | 0.2.1 | 10.01 | 127.57 | 137.58 | NOTE | |
r-devel-linux-x86_64-fedora-clang | 0.2.1 | 237.94 | NOTE | |||
r-devel-linux-x86_64-fedora-gcc | 0.2.1 | 241.30 | NOTE | |||
r-devel-windows-x86_64 | 0.2.1 | 11.00 | 180.00 | 191.00 | NOTE | |
r-patched-linux-x86_64 | 0.2.1 | 14.15 | 169.33 | 183.48 | NOTE | |
r-release-linux-x86_64 | 0.2.1 | 11.45 | 174.33 | 185.78 | NOTE | |
r-release-macos-arm64 | 0.2.1 | 65.00 | NOTE | |||
r-release-windows-x86_64 | 0.2.1 | 12.00 | 181.00 | 193.00 | NOTE | |
r-oldrel-macos-arm64 | 0.2.1 | 66.00 | OK | |||
r-oldrel-macos-x86_64 | 0.2.1 | 112.00 | OK | |||
r-oldrel-windows-x86_64 | 0.2.1 | 15.00 | 235.00 | 250.00 | OK |
Version: 0.2.1
Check: Rd files
Result: NOTE
checkRd: (-1) GREMLINS.Rd:11: Lost braces in \itemize; meant \describe ?
checkRd: (-1) GREMLINS.Rd:12: Lost braces in \itemize; meant \describe ?
checkRd: (-1) GREMLINS.Rd:13: Lost braces in \itemize; meant \describe ?
checkRd: (-1) GREMLINS.Rd:14: Lost braces in \itemize; meant \describe ?
checkRd: (-1) GREMLINS.Rd:20: Lost braces in \itemize; meant \describe ?
checkRd: (-1) GREMLINS.Rd:21: Lost braces in \itemize; meant \describe ?
checkRd: (-1) GREMLINS.Rd:22: Lost braces in \itemize; meant \describe ?
checkRd: (-1) GREMLINS.Rd:23: Lost braces in \itemize; meant \describe ?
Flavors: r-devel-linux-x86_64-debian-clang, r-devel-linux-x86_64-debian-gcc, r-devel-linux-x86_64-fedora-clang, r-devel-linux-x86_64-fedora-gcc, r-devel-windows-x86_64, r-patched-linux-x86_64, r-release-linux-x86_64, r-release-macos-arm64, r-release-windows-x86_64