CRAN Package Check Results for Package GWEX

Last updated on 2023-06-07 22:02:44 CEST.

Flavor Version Tinstall Tcheck Ttotal Status Flags
r-devel-linux-x86_64-debian-clang 1.0.2 7.86 41.85 49.71 OK
r-devel-linux-x86_64-debian-gcc 1.0.2 5.87 32.28 38.15 OK
r-devel-linux-x86_64-fedora-clang 1.0.2 64.46 NOTE
r-devel-linux-x86_64-fedora-gcc 1.0.2 57.97 NOTE
r-devel-windows-x86_64 1.0.2 10.00 70.00 80.00 OK
r-patched-linux-x86_64 1.0.2 6.44 39.98 46.42 OK
r-release-linux-x86_64 1.0.2 7.38 40.40 47.78 OK
r-release-macos-arm64 1.0.2 35.00 OK
r-release-macos-x86_64 1.0.2 38.00 OK
r-release-windows-x86_64 1.0.2 12.00 73.00 85.00 OK
r-oldrel-macos-arm64 1.0.2 26.00 OK
r-oldrel-macos-x86_64 1.0.2 45.00 OK
r-oldrel-windows-x86_64 1.0.2 13.00 74.00 87.00 OK

Check Details

Version: 1.0.2
Check: compiled code
Result: NOTE
    File ‘GWEX/libs/GWEX.so’:
     Found no calls to: ‘R_registerRoutines’, ‘R_useDynamicSymbols’
    
    It is good practice to register native routines and to disable symbol
    search.
    
    See ‘Writing portable packages’ in the ‘Writing R Extensions’ manual.
Flavors: r-devel-linux-x86_64-fedora-clang, r-devel-linux-x86_64-fedora-gcc