CRAN Package Check Results for Package GWSDAT

Last updated on 2021-03-03 22:51:17 CET.

Flavor Version Tinstall Tcheck Ttotal Status Flags
r-devel-linux-x86_64-debian-clang 3.0.6 26.91 191.57 218.48 OK
r-devel-linux-x86_64-debian-gcc 3.0.6 22.10 141.22 163.32 OK
r-devel-linux-x86_64-fedora-clang 3.0.6 271.80 NOTE
r-devel-linux-x86_64-fedora-gcc 3.0.6 264.45 OK
r-devel-windows-ix86+x86_64 3.0.6 39.00 191.00 230.00 OK
r-patched-linux-x86_64 3.0.6 27.26 171.59 198.85 OK
r-patched-solaris-x86 3.0.6 353.10 OK
r-release-linux-x86_64 3.0.6 28.44 174.95 203.39 OK
r-release-macos-x86_64 3.0.6 OK
r-release-windows-ix86+x86_64 3.0.6 57.00 201.00 258.00 OK
r-oldrel-macos-x86_64 3.0.6 WARN
r-oldrel-windows-ix86+x86_64 3.0.6 47.00 176.00 223.00 OK

Check Details

Version: 3.0.6
Check: package dependencies
Result: NOTE
    Imports includes 21 non-default packages.
    Importing from so many packages makes the package vulnerable to any of
    them becoming unavailable. Move as many as possible to Suggests and
    use conditionally.
Flavor: r-devel-linux-x86_64-fedora-clang

Version: 3.0.6
Check: dependencies in R code
Result: NOTE
    No protocol specified
    No protocol specified
Flavor: r-oldrel-macos-x86_64

Version: 3.0.6
Check: S3 generic/method consistency
Result: WARN
    No protocol specified
    No protocol specified
    See section ‘Generic functions and methods’ in the ‘Writing R
    Extensions’ manual.
Flavor: r-oldrel-macos-x86_64

Version: 3.0.6
Check: replacement functions
Result: WARN
    No protocol specified
    No protocol specified
    The argument of a replacement function which corresponds to the right
    hand side must be named ‘value’.
Flavor: r-oldrel-macos-x86_64

Version: 3.0.6
Check: foreign function calls
Result: NOTE
    No protocol specified
    No protocol specified
    See chapter ‘System and foreign language interfaces’ in the ‘Writing R
    Extensions’ manual.
Flavor: r-oldrel-macos-x86_64

Version: 3.0.6
Check: R code for possible problems
Result: NOTE
    No protocol specified
    No protocol specified
Flavor: r-oldrel-macos-x86_64

Version: 3.0.6
Check: for missing documentation entries
Result: WARN
    No protocol specified
    No protocol specified
    All user-level objects in a package should have documentation entries.
    See chapter ‘Writing R documentation files’ in the ‘Writing R
    Extensions’ manual.
Flavor: r-oldrel-macos-x86_64

Version: 3.0.6
Check: for code/documentation mismatches
Result: WARN
    No protocol specified
    No protocol specified
    No protocol specified
    No protocol specified
    No protocol specified
    No protocol specified
Flavor: r-oldrel-macos-x86_64

Version: 3.0.6
Check: Rd \usage sections
Result: NOTE
    No protocol specified
    No protocol specified
    The \usage entries for S3 methods should use the \method markup and not
    their full name.
    See chapter ‘Writing R documentation files’ in the ‘Writing R
    Extensions’ manual.
Flavor: r-oldrel-macos-x86_64