Last updated on 2024-03-28 23:01:46 CET.
Flavor | Version | Tinstall | Tcheck | Ttotal | Status | Flags |
---|---|---|---|---|---|---|
r-devel-linux-x86_64-debian-clang | 2.3-2 | 75.18 | 194.78 | 269.96 | OK | |
r-devel-linux-x86_64-debian-gcc | 2.3-2 | 61.82 | 140.44 | 202.26 | OK | |
r-devel-linux-x86_64-fedora-clang | 2.3-2 | 353.40 | OK | |||
r-devel-linux-x86_64-fedora-gcc | 2.3-2 | 364.22 | OK | |||
r-devel-windows-x86_64 | 2.3-2 | 62.00 | 157.00 | 219.00 | OK | |
r-patched-linux-x86_64 | 2.3-2 | 76.11 | 184.44 | 260.55 | OK | |
r-release-linux-x86_64 | 2.3-2 | 79.60 | 206.17 | 285.77 | OK | |
r-release-macos-arm64 | 2.3-2 | 103.00 | NOTE | |||
r-release-macos-x86_64 | 2.3-2 | 189.00 | NOTE | |||
r-release-windows-x86_64 | 2.3-2 | 75.00 | 210.00 | 285.00 | OK | |
r-oldrel-macos-arm64 | 2.3-2 | 90.00 | NOTE | |||
r-oldrel-windows-x86_64 | 2.3-2 | 76.00 | 219.00 | 295.00 | OK |
Version: 2.3-2
Check: installed package size
Result: NOTE
installed size is 6.9Mb
sub-directories of 1Mb or more:
data 1.5Mb
libs 4.5Mb
Flavors: r-release-macos-arm64, r-release-macos-x86_64, r-oldrel-macos-arm64