Last updated on 2023-09-26 23:04:15 CEST.
Flavor | Version | Tinstall | Tcheck | Ttotal | Status | Flags |
---|---|---|---|---|---|---|
r-devel-linux-x86_64-debian-clang | 2.3-1 | 81.26 | 222.32 | 303.58 | OK | |
r-devel-linux-x86_64-debian-gcc | 2.3-1 | 58.22 | 159.63 | 217.85 | OK | |
r-devel-linux-x86_64-fedora-clang | 2.3-1 | 370.93 | OK | |||
r-devel-linux-x86_64-fedora-gcc | 2.3-1 | 397.96 | OK | |||
r-devel-windows-x86_64 | 2.3-1 | 62.00 | 186.00 | 248.00 | OK | |
r-patched-linux-x86_64 | 2.3-1 | 68.78 | 209.10 | 277.88 | OK | |
r-release-linux-x86_64 | 2.3-1 | 79.51 | 207.42 | 286.93 | OK | |
r-release-macos-arm64 | 2.3-1 | 88.00 | NOTE | |||
r-release-macos-x86_64 | 2.3-1 | 214.00 | NOTE | |||
r-release-windows-x86_64 | 2.3-1 | 79.00 | 230.00 | 309.00 | OK | |
r-oldrel-macos-arm64 | 2.3-1 | 80.00 | NOTE | |||
r-oldrel-macos-x86_64 | 2.3-1 | 121.00 | NOTE | |||
r-oldrel-windows-x86_64 | 2.3-1 | 73.00 | 213.00 | 286.00 | OK |
Version: 2.3-1
Check: installed package size
Result: NOTE
installed size is 6.9Mb
sub-directories of 1Mb or more:
data 1.5Mb
libs 4.5Mb
Flavors: r-release-macos-arm64, r-release-macos-x86_64, r-oldrel-macos-arm64, r-oldrel-macos-x86_64