Last updated on 2023-12-02 21:39:54 CET.
Flavor | Version | Tinstall | Tcheck | Ttotal | Status | Flags |
---|---|---|---|---|---|---|
r-devel-linux-x86_64-debian-clang | 0.1.3 | 31.62 | 115.18 | 146.80 | NOTE | |
r-devel-linux-x86_64-debian-gcc | 0.1.3 | 24.57 | 87.88 | 112.45 | NOTE | |
r-devel-linux-x86_64-fedora-clang | 0.1.3 | 195.87 | OK | |||
r-devel-linux-x86_64-fedora-gcc | 0.1.3 | 190.35 | OK | |||
r-devel-windows-x86_64 | 0.1.3 | 27.00 | 122.00 | 149.00 | OK | |
r-patched-linux-x86_64 | 0.1.3 | 32.58 | 114.70 | 147.28 | OK | |
r-release-linux-x86_64 | 0.1.3 | 30.28 | 114.71 | 144.99 | OK | |
r-release-macos-arm64 | 0.1.3 | 57.00 | OK | |||
r-release-macos-x86_64 | 0.1.3 | 92.00 | OK | |||
r-release-windows-x86_64 | 0.1.3 | 35.00 | 156.00 | 191.00 | OK | |
r-oldrel-macos-arm64 | 0.1.3 | 62.00 | OK | |||
r-oldrel-macos-x86_64 | 0.1.3 | 71.00 | OK | |||
r-oldrel-windows-x86_64 | 0.1.3 | 33.00 | 144.00 | 177.00 | OK |
Version: 0.1.3
Check: Rd files
Result: NOTE
checkRd: (-1) EWmortality.Rd:10: Lost braces
10 | {\code{Exposure} is a mid-year estimate of the population exposed to risk.}}
| ^
Flavors: r-devel-linux-x86_64-debian-clang, r-devel-linux-x86_64-debian-gcc