Last updated on 2024-04-25 22:49:08 CEST.
Flavor | Version | Tinstall | Tcheck | Ttotal | Status | Flags |
---|---|---|---|---|---|---|
r-devel-linux-x86_64-debian-clang | 1.4.9 | 44.15 | 292.67 | 336.82 | NOTE | |
r-devel-linux-x86_64-debian-gcc | 1.4.9 | 31.58 | 206.57 | 238.15 | NOTE | |
r-devel-linux-x86_64-fedora-clang | 1.4.9 | 414.62 | NOTE | |||
r-devel-linux-x86_64-fedora-gcc | 1.4.9 | 396.81 | NOTE | |||
r-devel-windows-x86_64 | 1.4.9 | 38.00 | 240.00 | 278.00 | NOTE | |
r-patched-linux-x86_64 | 1.4.9 | 40.91 | 277.43 | 318.34 | NOTE | |
r-release-linux-x86_64 | 1.4.9 | 41.55 | 279.22 | 320.77 | OK | |
r-release-macos-arm64 | 1.4.9 | 105.00 | NOTE | |||
r-release-windows-x86_64 | 1.4.9 | 38.00 | 248.00 | 286.00 | NOTE | |
r-oldrel-macos-arm64 | 1.4.9 | 120.00 | OK | |||
r-oldrel-macos-x86_64 | 1.4.9 | 217.00 | OK | |||
r-oldrel-windows-x86_64 | 1.4.9 | 48.00 | 309.00 | 357.00 | OK |
Version: 1.4.9
Check: Rd files
Result: NOTE
checkRd: (-1) cpm.Rd:70: Lost braces; missing escapes or markup?
70 | covariates included in \code{formula_l} or {formula_s} (required).}
| ^
Flavors: r-devel-linux-x86_64-debian-clang, r-devel-linux-x86_64-debian-gcc, r-devel-linux-x86_64-fedora-clang, r-devel-linux-x86_64-fedora-gcc, r-devel-windows-x86_64, r-patched-linux-x86_64, r-release-macos-arm64, r-release-windows-x86_64