CRAN Package Check Results for Package GenomicTools

Last updated on 2019-07-17 22:54:30 CEST.

Flavor Version Tinstall Tcheck Ttotal Status Flags
r-devel-linux-x86_64-debian-clang 0.2.8 39.22 102.30 141.52 OK
r-devel-linux-x86_64-debian-gcc 0.2.8 30.69 79.90 110.59 OK
r-devel-linux-x86_64-fedora-clang 0.2.8 177.33 OK
r-devel-linux-x86_64-fedora-gcc 0.2.8 174.84 OK
r-devel-windows-ix86+x86_64 0.2.8 101.00 215.00 316.00 OK
r-patched-linux-x86_64 0.2.8 37.26 100.04 137.30 OK
r-patched-solaris-x86 0.2.8 240.00 OK
r-release-linux-x86_64 0.2.8 36.39 98.45 134.84 OK
r-release-windows-ix86+x86_64 0.2.8 70.00 217.00 287.00 OK
r-release-osx-x86_64 0.2.8 ERROR
r-oldrel-windows-ix86+x86_64 0.2.8 66.00 139.00 205.00 OK
r-oldrel-osx-x86_64 0.2.8 OK

Check Details

Version: 0.2.8
Check: package dependencies
Result: ERROR
    Packages required but not available: 'GenomicTools.fileHandler', 'snpStats'
    
    See section ‘The DESCRIPTION file’ in the ‘Writing R Extensions’
    manual.
Flavor: r-release-osx-x86_64