CRAN Package Check Results for Package GetTDData

Last updated on 2021-03-03 22:51:16 CET.

Flavor Version Tinstall Tcheck Ttotal Status Flags
r-devel-linux-x86_64-debian-clang 1.4.2 2.42 39.14 41.56 OK
r-devel-linux-x86_64-debian-gcc 1.4.2 1.88 29.40 31.28 OK
r-devel-linux-x86_64-fedora-clang 1.4.2 59.53 NOTE
r-devel-linux-x86_64-fedora-gcc 1.4.2 48.11 NOTE
r-devel-windows-ix86+x86_64 1.4.2 5.00 55.00 60.00 OK
r-patched-linux-x86_64 1.4.2 2.20 37.02 39.22 OK
r-patched-solaris-x86 1.4.2 71.20 NOTE
r-release-linux-x86_64 1.4.2 2.41 37.45 39.86 OK
r-release-macos-x86_64 1.4.2 NOTE
r-release-windows-ix86+x86_64 1.4.2 6.00 43.00 49.00 OK
r-oldrel-macos-x86_64 1.4.2 NOTE
r-oldrel-windows-ix86+x86_64 1.4.2 4.00 54.00 58.00 OK

Check Details

Version: 1.4.2
Check: dependencies in R code
Result: NOTE
    Namespace in Imports field not imported from: ‘XML’
     All declared Imports should be used.
Flavors: r-devel-linux-x86_64-fedora-clang, r-devel-linux-x86_64-fedora-gcc, r-patched-solaris-x86, r-release-macos-x86_64, r-oldrel-macos-x86_64