Last updated on 2024-04-24 23:00:21 CEST.
Flavor | Version | Tinstall | Tcheck | Ttotal | Status | Flags |
---|---|---|---|---|---|---|
r-devel-linux-x86_64-debian-clang | 1.0.1 | 6.77 | 77.09 | 83.86 | NOTE | |
r-devel-linux-x86_64-debian-gcc | 1.0.1 | 5.55 | 53.34 | 58.89 | NOTE | |
r-devel-linux-x86_64-fedora-clang | 1.0.1 | 97.28 | NOTE | |||
r-devel-linux-x86_64-fedora-gcc | 1.0.1 | 93.03 | NOTE | |||
r-devel-windows-x86_64 | 1.0.1 | 7.00 | 75.00 | 82.00 | OK | |
r-patched-linux-x86_64 | 1.0.1 | 13.19 | 71.77 | 84.96 | NOTE | |
r-release-linux-x86_64 | 1.0.1 | 6.70 | 69.86 | 76.56 | NOTE | |
r-release-macos-arm64 | 1.0.1 | 37.00 | OK | |||
r-release-macos-x86_64 | 1.0.1 | 81.00 | OK | |||
r-release-windows-x86_64 | 1.0.1 | 8.00 | 77.00 | 85.00 | OK | |
r-oldrel-macos-arm64 | 1.0.1 | 36.00 | OK | |||
r-oldrel-macos-x86_64 | 1.0.1 | 58.00 | OK | |||
r-oldrel-windows-x86_64 | 1.0.1 | 10.00 | 90.00 | 100.00 | OK |
Version: 1.0.1
Check: for non-standard things in the check directory
Result: NOTE
Found the following files/directories:
‘Pictures_analyzed’ ‘cutoff_vals’ ‘cutoff_vals1’ ‘gina_cran.JPG’
Flavors: r-devel-linux-x86_64-debian-clang, r-devel-linux-x86_64-debian-gcc, r-devel-linux-x86_64-fedora-clang, r-devel-linux-x86_64-fedora-gcc, r-patched-linux-x86_64, r-release-linux-x86_64