CRAN Package Check Results for Package GomoGomonoMi

Last updated on 2024-05-18 22:27:37 CEST.

Flavor Version Tinstall Tcheck Ttotal Status Flags
r-devel-linux-x86_64-debian-clang 0.1.0 1.92 20.37 22.29 NOTE
r-devel-linux-x86_64-debian-gcc 0.1.0 1.48 15.66 17.14 NOTE
r-devel-linux-x86_64-fedora-clang 0.1.0 28.73 NOTE
r-devel-linux-x86_64-fedora-gcc 0.1.0 27.13 NOTE
r-devel-windows-x86_64 0.1.0 3.00 37.00 40.00 NOTE
r-patched-linux-x86_64 0.1.0 2.37 19.66 22.03 NOTE
r-release-linux-x86_64 0.1.0 2.29 19.78 22.07 NOTE
r-release-macos-arm64 0.1.0 14.00 NOTE
r-release-windows-x86_64 0.1.0 3.00 38.00 41.00 NOTE
r-oldrel-macos-arm64 0.1.0 15.00 NOTE
r-oldrel-macos-x86_64 0.1.0 19.00 NOTE
r-oldrel-windows-x86_64 0.1.0 3.00 43.00 46.00 NOTE

Check Details

Version: 0.1.0
Check: LazyData
Result: NOTE 'LazyData' is specified without a 'data' directory Flavors: r-devel-linux-x86_64-debian-clang, r-devel-linux-x86_64-debian-gcc, r-devel-linux-x86_64-fedora-clang, r-devel-linux-x86_64-fedora-gcc, r-devel-windows-x86_64, r-patched-linux-x86_64, r-release-linux-x86_64, r-release-macos-arm64, r-release-windows-x86_64, r-oldrel-macos-arm64, r-oldrel-macos-x86_64, r-oldrel-windows-x86_64