Last updated on 2023-01-30 22:57:11 CET.
Flavor | Version | Tinstall | Tcheck | Ttotal | Status | Flags |
---|---|---|---|---|---|---|
r-devel-linux-x86_64-debian-clang | 0.4.0 | 79.82 | 84.02 | 163.84 | OK | |
r-devel-linux-x86_64-debian-gcc | 0.4.0 | 59.99 | 55.29 | 115.28 | OK | |
r-devel-linux-x86_64-fedora-clang | 0.4.0 | 210.56 | OK | |||
r-devel-linux-x86_64-fedora-gcc | 0.4.0 | 193.45 | OK | |||
r-devel-windows-x86_64 | 0.4.0 | 118.00 | 141.00 | 259.00 | OK | |
r-patched-linux-x86_64 | 0.4.0 | 61.62 | 70.19 | 131.81 | OK | |
r-release-linux-x86_64 | 0.4.0 | 62.75 | 69.82 | 132.57 | OK | |
r-release-macos-arm64 | 0.4.0 | 50.00 | NOTE | |||
r-release-macos-x86_64 | 0.4.0 | 67.00 | NOTE | |||
r-release-windows-x86_64 | 0.4.0 | 94.00 | 130.00 | 224.00 | OK | |
r-oldrel-macos-arm64 | 0.4.0 | 56.00 | NOTE | |||
r-oldrel-macos-x86_64 | 0.4.0 | 77.00 | NOTE | |||
r-oldrel-windows-ix86+x86_64 | 0.4.0 | 165.00 | 150.00 | 315.00 | OK |
Version: 0.4.0
Check: installed package size
Result: NOTE
installed size is 8.2Mb
sub-directories of 1Mb or more:
data 1.4Mb
libs 6.4Mb
Flavors: r-release-macos-arm64, r-release-macos-x86_64, r-oldrel-macos-arm64, r-oldrel-macos-x86_64