CRAN Package Check Results for Package GridOnClusters

Last updated on 2024-06-12 22:56:27 CEST.

Flavor Version Tinstall Tcheck Ttotal Status Flags
r-devel-linux-x86_64-debian-clang 0.1.0.1 33.60 66.54 100.14 OK
r-devel-linux-x86_64-debian-gcc 0.1.0.1 21.04 46.95 67.99 ERROR
r-devel-linux-x86_64-fedora-clang 0.1.0.1 137.65 OK
r-devel-linux-x86_64-fedora-gcc 0.1.0.1 137.95 OK
r-devel-windows-x86_64 0.1.0.1 26.00 87.00 113.00 OK
r-patched-linux-x86_64 0.1.0.1 26.41 64.03 90.44 OK
r-release-linux-x86_64 0.1.0.1 28.50 63.63 92.13 OK
r-release-macos-arm64 0.1.0.1 53.00 OK
r-release-macos-x86_64 0.1.0.1 76.00 OK
r-release-windows-x86_64 0.1.0.1 23.00 94.00 117.00 OK
r-oldrel-macos-arm64 0.1.0.1 42.00 OK
r-oldrel-macos-x86_64 0.1.0.1 102.00 OK
r-oldrel-windows-x86_64 0.1.0.1 30.00 98.00 128.00 OK

Check Details

Version: 0.1.0.1
Check: package dependencies
Result: NOTE Package suggested but not available for checking: ‘testthat’ Flavor: r-devel-linux-x86_64-debian-gcc

Version: 0.1.0.1
Check: tests
Result: ERROR Running ‘testthat.R’ [0s/1s] Running the tests in ‘tests/testthat.R’ failed. Complete output: > library(testthat) Error in library(testthat) : there is no package called 'testthat' Execution halted Flavor: r-devel-linux-x86_64-debian-gcc