CRAN Package Check Results for Package GxEScanR

Last updated on 2023-06-04 23:00:00 CEST.

Flavor Version Tinstall Tcheck Ttotal Status Flags
r-devel-linux-x86_64-debian-clang 2.0.2 81.76 101.95 183.71 NOTE
r-devel-linux-x86_64-debian-gcc 2.0.2 55.99 75.18 131.17 NOTE
r-devel-linux-x86_64-fedora-clang 2.0.2 240.89 NOTE
r-devel-linux-x86_64-fedora-gcc 2.0.2 269.72 NOTE
r-devel-windows-x86_64 2.0.2 56.00 109.00 165.00 NOTE
r-patched-linux-x86_64 2.0.2 72.20 93.70 165.90 NOTE
r-release-linux-x86_64 2.0.2 64.05 94.24 158.29 NOTE
r-release-macos-arm64 2.0.2 70.00 NOTE
r-release-macos-x86_64 2.0.2 115.00 NOTE
r-release-windows-x86_64 2.0.2 73.00 130.00 203.00 NOTE
r-oldrel-macos-arm64 2.0.2 61.00 OK
r-oldrel-macos-x86_64 2.0.2 99.00 OK
r-oldrel-windows-x86_64 2.0.2 73.00 123.00 196.00 OK

Check Details

Version: 2.0.2
Check: C++ specification
Result: NOTE
     Specified C++11: please drop specification unless essential
Flavors: r-devel-linux-x86_64-debian-clang, r-devel-linux-x86_64-debian-gcc, r-devel-linux-x86_64-fedora-clang, r-devel-linux-x86_64-fedora-gcc, r-devel-windows-x86_64, r-patched-linux-x86_64, r-release-linux-x86_64, r-release-macos-arm64, r-release-macos-x86_64, r-release-windows-x86_64