Last updated on 2024-04-22 23:09:52 CEST.
Flavor | Version | Tinstall | Tcheck | Ttotal | Status | Flags |
---|---|---|---|---|---|---|
r-devel-linux-x86_64-debian-clang | 1.0.6-1 | 32.31 | 57.83 | 90.14 | NOTE | |
r-devel-linux-x86_64-debian-gcc | 1.0.6-1 | 27.06 | 44.08 | 71.14 | NOTE | |
r-devel-linux-x86_64-fedora-clang | 1.0.6-1 | 127.02 | NOTE | |||
r-devel-linux-x86_64-fedora-gcc | 1.0.6-1 | 120.81 | NOTE | |||
r-prerel-macos-arm64 | 1.0.6-1 | 41.00 | NOTE | |||
r-prerel-windows-x86_64 | 1.0.6-1 | 31.00 | 93.00 | 124.00 | NOTE | |
r-patched-linux-x86_64 | 1.0.6-1 | 35.03 | 57.20 | 92.23 | NOTE | |
r-release-linux-x86_64 | 1.0.6-1 | 39.61 | 55.10 | 94.71 | NOTE | |
r-release-macos-arm64 | 1.0.6-1 | 40.00 | NOTE | |||
r-release-macos-x86_64 | 1.0.6-1 | 60.00 | NOTE | |||
r-release-windows-x86_64 | 1.0.6-1 | 38.00 | 100.00 | 138.00 | NOTE | |
r-oldrel-macos-arm64 | 1.0.6-1 | 37.00 | NOTE | |||
r-oldrel-windows-x86_64 | 1.0.6-1 | 38.00 | 98.00 | 136.00 | NOTE |
Version: 1.0.6-1
Check: C++ specification
Result: NOTE
Specified C++11: please drop specification unless essential
Flavors: r-devel-linux-x86_64-debian-clang, r-devel-linux-x86_64-debian-gcc, r-devel-linux-x86_64-fedora-clang, r-devel-linux-x86_64-fedora-gcc, r-prerel-macos-arm64, r-prerel-windows-x86_64, r-patched-linux-x86_64, r-release-linux-x86_64, r-release-macos-arm64, r-release-macos-x86_64, r-release-windows-x86_64
Version: 1.0.6-1
Check: installed package size
Result: NOTE
installed size is 5.8Mb
sub-directories of 1Mb or more:
libs 1.5Mb
shiny 4.3Mb
Flavors: r-prerel-macos-arm64, r-prerel-windows-x86_64, r-release-macos-arm64, r-release-macos-x86_64, r-release-windows-x86_64, r-oldrel-macos-arm64, r-oldrel-windows-x86_64