Last updated on 2023-11-28 23:04:36 CET.
Flavor | Version | Tinstall | Tcheck | Ttotal | Status | Flags |
---|---|---|---|---|---|---|
r-devel-linux-x86_64-debian-clang | 0.2.6 | 179.52 | 63.44 | 242.96 | OK | |
r-devel-linux-x86_64-debian-gcc | 0.2.6 | 114.08 | 48.80 | 162.88 | OK | |
r-devel-linux-x86_64-fedora-clang | 0.2.6 | 382.05 | NOTE | |||
r-devel-linux-x86_64-fedora-gcc | 0.2.6 | 362.59 | NOTE | |||
r-devel-windows-x86_64 | 0.2.6 | 108.00 | 112.00 | 220.00 | OK | |
r-patched-linux-x86_64 | 0.2.6 | 136.42 | 61.36 | 197.78 | OK | |
r-release-linux-x86_64 | 0.2.6 | 142.10 | 60.98 | 203.08 | OK | |
r-release-macos-arm64 | 0.2.6 | 94.00 | OK | |||
r-release-macos-x86_64 | 0.2.6 | 167.00 | OK | |||
r-release-windows-x86_64 | 0.2.6 | 121.00 | 118.00 | 239.00 | OK | |
r-oldrel-macos-arm64 | 0.2.6 | 82.00 | OK | |||
r-oldrel-macos-x86_64 | 0.2.6 | 106.00 | NOTE | |||
r-oldrel-windows-x86_64 | 0.2.6 | 155.00 | 112.00 | 267.00 | OK |
Version: 0.2.6
Check: data for non-ASCII characters
Result: NOTE
Note: found 3 marked UTF-8 strings
Flavors: r-devel-linux-x86_64-fedora-clang, r-devel-linux-x86_64-fedora-gcc, r-oldrel-macos-x86_64