Last updated on 2024-03-27 22:57:47 CET.
Flavor | Version | Tinstall | Tcheck | Ttotal | Status | Flags |
---|---|---|---|---|---|---|
r-devel-linux-x86_64-debian-clang | 0.1.1 | 7.68 | 81.93 | 89.61 | NOTE | |
r-devel-linux-x86_64-debian-gcc | 0.1.1 | 6.93 | 61.96 | 68.89 | NOTE | |
r-devel-linux-x86_64-fedora-clang | 0.1.1 | 111.32 | NOTE | |||
r-devel-linux-x86_64-fedora-gcc | 0.1.1 | 108.62 | NOTE | |||
r-devel-windows-x86_64 | 0.1.1 | 7.00 | 82.00 | 89.00 | NOTE | |
r-patched-linux-x86_64 | 0.1.1 | 9.29 | 81.38 | 90.67 | NOTE | |
r-release-linux-x86_64 | 0.1.1 | 8.67 | 81.23 | 89.90 | NOTE | |
r-release-macos-arm64 | 0.1.1 | 40.00 | NOTE | |||
r-release-macos-x86_64 | 0.1.1 | 58.00 | NOTE | |||
r-release-windows-x86_64 | 0.1.1 | 11.00 | 97.00 | 108.00 | NOTE | |
r-oldrel-macos-arm64 | 0.1.1 | 36.00 | NOTE | |||
r-oldrel-windows-x86_64 | 0.1.1 | 10.00 | 101.00 | 111.00 | NOTE |
Version: 0.1.1
Check: LazyData
Result: NOTE
'LazyData' is specified without a 'data' directory
Flavors: r-devel-linux-x86_64-debian-clang, r-devel-linux-x86_64-debian-gcc, r-devel-linux-x86_64-fedora-clang, r-devel-linux-x86_64-fedora-gcc, r-devel-windows-x86_64, r-patched-linux-x86_64, r-release-linux-x86_64, r-release-macos-arm64, r-release-macos-x86_64, r-release-windows-x86_64, r-oldrel-macos-arm64, r-oldrel-windows-x86_64