CRAN Package Check Results for Package HH

Last updated on 2018-06-20 22:49:17 CEST.

Flavor Version Tinstall Tcheck Ttotal Status Flags
r-devel-linux-x86_64-debian-clang 3.1-35 23.08 233.83 256.91 OK
r-devel-linux-x86_64-debian-gcc 3.1-35 19.43 179.09 198.52 OK
r-devel-linux-x86_64-fedora-clang 3.1-35 305.61 OK
r-devel-linux-x86_64-fedora-gcc 3.1-35 296.39 OK
r-devel-windows-ix86+x86_64 3.1-35 51.00 324.00 375.00 OK
r-patched-linux-x86_64 3.1-35 21.14 215.94 237.08 OK
r-patched-solaris-x86 3.1-35 362.10 OK
r-release-linux-x86_64 3.1-35 21.16 214.30 235.46 OK
r-release-windows-ix86+x86_64 3.1-35 39.00 203.00 242.00 OK
r-release-osx-x86_64 3.1-35 OK
r-oldrel-windows-ix86+x86_64 3.1-35 20.00 211.00 231.00 OK
r-oldrel-osx-x86_64 3.1-34 NOTE

Check Details

Version: 3.1-34
Check: package dependencies
Result: NOTE
    Package suggested but not available for checking: ‘RcmdrPlugin.HH’
Flavor: r-oldrel-osx-x86_64