CRAN Package Check Results for Package HH

Last updated on 2018-02-24 22:47:30 CET.

Flavor Version Tinstall Tcheck Ttotal Status Flags
r-devel-linux-x86_64-debian-clang 3.1-34 20.53 219.90 240.43 OK
r-devel-linux-x86_64-debian-gcc 3.1-34 15.90 166.00 181.90 OK
r-devel-linux-x86_64-fedora-clang 3.1-34 285.59 OK
r-devel-linux-x86_64-fedora-gcc 3.1-34 290.92 OK
r-devel-windows-ix86+x86_64 3.1-34 52.00 286.00 338.00 OK
r-patched-linux-x86_64 3.1-34 11.41 235.20 246.61 OK
r-patched-solaris-x86 3.1-34 358.20 OK
r-release-linux-x86_64 3.1-34 9.76 237.38 247.14 OK
r-release-windows-ix86+x86_64 3.1-34 33.00 338.00 371.00 OK
r-release-osx-x86_64 3.1-34 NOTE
r-oldrel-windows-ix86+x86_64 3.1-34 24.00 229.00 253.00 OK
r-oldrel-osx-x86_64 3.1-34 OK

Check Details

Version: 3.1-34
Check: package dependencies
Result: NOTE
    Package suggested but not available for checking: ‘RcmdrPlugin.HH’
Flavor: r-release-osx-x86_64