Last updated on 2023-06-04 23:00:01 CEST.
Flavor | Version | Tinstall | Tcheck | Ttotal | Status | Flags |
---|---|---|---|---|---|---|
r-devel-linux-x86_64-debian-clang | 2.3.4 | 34.20 | 57.49 | 91.69 | NOTE | |
r-devel-linux-x86_64-debian-gcc | 2.3.4 | 27.18 | 45.22 | 72.40 | NOTE | |
r-devel-linux-x86_64-fedora-clang | 2.3.4 | 133.49 | NOTE | |||
r-devel-linux-x86_64-fedora-gcc | 2.3.4 | 145.56 | NOTE | |||
r-devel-windows-x86_64 | 2.3.4 | 35.00 | 86.00 | 121.00 | NOTE | |
r-patched-linux-x86_64 | 2.3.4 | 28.54 | 55.75 | 84.29 | NOTE | |
r-release-linux-x86_64 | 2.3.4 | 29.66 | 55.57 | 85.23 | NOTE | |
r-release-macos-arm64 | 2.3.4 | 47.00 | NOTE | |||
r-release-macos-x86_64 | 2.3.4 | 73.00 | NOTE | |||
r-release-windows-x86_64 | 2.3.4 | 42.00 | 98.00 | 140.00 | NOTE | |
r-oldrel-macos-arm64 | 2.3.4 | 40.00 | NOTE | |||
r-oldrel-macos-x86_64 | 2.3.4 | 49.00 | NOTE | |||
r-oldrel-windows-x86_64 | 2.3.4 | 40.00 | 96.00 | 136.00 | OK |
Version: 2.3.4
Check: C++ specification
Result: NOTE
Specified C++11: please drop specification unless essential
Flavors: r-devel-linux-x86_64-debian-clang, r-devel-linux-x86_64-debian-gcc, r-devel-linux-x86_64-fedora-clang, r-devel-linux-x86_64-fedora-gcc, r-devel-windows-x86_64, r-patched-linux-x86_64, r-release-linux-x86_64, r-release-macos-arm64, r-release-macos-x86_64, r-release-windows-x86_64
Version: 2.3.4
Check: dependencies in R code
Result: NOTE
Namespace in Imports field not imported from: ‘rmarkdown’
All declared Imports should be used.
Flavors: r-devel-linux-x86_64-fedora-clang, r-devel-linux-x86_64-fedora-gcc, r-oldrel-macos-arm64, r-oldrel-macos-x86_64