Last updated on 2023-12-03 22:57:09 CET.
Flavor | Version | Tinstall | Tcheck | Ttotal | Status | Flags |
---|---|---|---|---|---|---|
r-devel-linux-x86_64-debian-clang | 1.1 | 141.70 | 34.35 | 176.05 | NOTE | |
r-devel-linux-x86_64-debian-gcc | 1.1 | 90.22 | 26.87 | 117.09 | NOTE | |
r-devel-linux-x86_64-fedora-clang | 1.1 | 269.03 | NOTE | |||
r-devel-linux-x86_64-fedora-gcc | 1.1 | 258.51 | NOTE | |||
r-devel-windows-x86_64 | 1.1 | 105.00 | 72.00 | 177.00 | NOTE | |
r-patched-linux-x86_64 | 1.1 | 113.11 | 34.52 | 147.63 | NOTE | |
r-release-linux-x86_64 | 1.1 | 120.71 | 33.38 | 154.09 | NOTE | |
r-release-macos-arm64 | 1.1 | 59.00 | NOTE | |||
r-release-macos-x86_64 | 1.1 | 101.00 | NOTE | |||
r-release-windows-x86_64 | 1.1 | 129.00 | 78.00 | 207.00 | NOTE | |
r-oldrel-macos-arm64 | 1.1 | 54.00 | NOTE | |||
r-oldrel-macos-x86_64 | 1.1 | 71.00 | NOTE | |||
r-oldrel-windows-x86_64 | 1.1 | 127.00 | 73.00 | 200.00 | NOTE |
Version: 1.1
Check: C++ specification
Result: NOTE
Specified C++11: please drop specification unless essential
Flavors: r-devel-linux-x86_64-debian-clang, r-devel-linux-x86_64-debian-gcc, r-devel-linux-x86_64-fedora-clang, r-devel-linux-x86_64-fedora-gcc, r-devel-windows-x86_64, r-patched-linux-x86_64, r-release-linux-x86_64, r-release-macos-arm64, r-release-macos-x86_64, r-release-windows-x86_64
Version: 1.1
Check: installed package size
Result: NOTE
installed size is 5.1Mb
sub-directories of 1Mb or more:
data 3.5Mb
libs 1.3Mb
Flavors: r-devel-windows-x86_64, r-release-macos-arm64, r-release-macos-x86_64, r-release-windows-x86_64, r-oldrel-macos-arm64, r-oldrel-macos-x86_64, r-oldrel-windows-x86_64