Last updated on 2024-04-22 23:09:52 CEST.
Flavor | Version | Tinstall | Tcheck | Ttotal | Status | Flags |
---|---|---|---|---|---|---|
r-devel-linux-x86_64-debian-clang | 1.1.0 | 5.06 | 40.35 | 45.41 | OK | |
r-devel-linux-x86_64-debian-gcc | 1.1.0 | 3.35 | 30.46 | 33.81 | OK | |
r-devel-linux-x86_64-fedora-clang | 1.1.0 | 56.82 | OK | |||
r-devel-linux-x86_64-fedora-gcc | 1.1.0 | 54.41 | OK | |||
r-prerel-macos-arm64 | 1.1.0 | 20.00 | OK | |||
r-prerel-windows-x86_64 | 1.1.0 | 8.00 | 57.00 | 65.00 | OK | |
r-patched-linux-x86_64 | 1.1.0 | 4.40 | 38.47 | 42.87 | OK | |
r-release-linux-x86_64 | 1.1.0 | 4.12 | 39.37 | 43.49 | OK | |
r-release-macos-arm64 | 1.1.0 | 23.00 | OK | |||
r-release-macos-x86_64 | 1.1.0 | 36.00 | OK | |||
r-release-windows-x86_64 | 1.1.0 | 8.00 | 59.00 | 67.00 | OK | |
r-oldrel-macos-arm64 | 1.1.0 | 22.00 | NOTE | |||
r-oldrel-windows-x86_64 | 1.1.0 | 9.00 | 62.00 | 71.00 | OK |
Version: 1.1.0
Check: package dependencies
Result: NOTE
Package suggested but not available for checking: ‘HiddenMarkov’
Flavor: r-oldrel-macos-arm64