Last updated on 2024-04-18 22:52:44 CEST.
Flavor | Version | Tinstall | Tcheck | Ttotal | Status | Flags |
---|---|---|---|---|---|---|
r-devel-linux-x86_64-debian-clang | 1.0-5 | 15.41 | 55.50 | 70.91 | OK | |
r-devel-linux-x86_64-debian-gcc | 1.0-5 | 14.39 | 40.88 | 55.27 | OK | |
r-devel-linux-x86_64-fedora-clang | 1.0-5 | 89.18 | NOTE | |||
r-devel-linux-x86_64-fedora-gcc | 1.0-5 | 87.78 | OK | |||
r-prerel-macos-arm64 | 1.0-5 | 34.00 | NOTE | |||
r-prerel-windows-x86_64 | 1.0-5 | 16.00 | 69.00 | 85.00 | NOTE | |
r-patched-linux-x86_64 | 1.0-5 | 16.60 | 52.71 | 69.31 | OK | |
r-release-linux-x86_64 | 1.0-5 | 16.05 | 53.33 | 69.38 | OK | |
r-release-macos-arm64 | 1.0-5 | 38.00 | NOTE | |||
r-release-macos-x86_64 | 1.0-5 | 58.00 | NOTE | |||
r-release-windows-x86_64 | 1.0-5 | 18.00 | 76.00 | 94.00 | NOTE | |
r-oldrel-macos-arm64 | 1.0-5 | 38.00 | NOTE | |||
r-oldrel-windows-x86_64 | 1.0-5 | 20.00 | 82.00 | 102.00 | NOTE |
Version: 1.0-5
Check: installed package size
Result: NOTE
installed size is 7.6Mb
sub-directories of 1Mb or more:
data 7.1Mb
Flavors: r-devel-linux-x86_64-fedora-clang, r-prerel-macos-arm64, r-prerel-windows-x86_64, r-release-macos-arm64, r-release-macos-x86_64, r-release-windows-x86_64, r-oldrel-macos-arm64, r-oldrel-windows-x86_64