CRAN Package Check Results for Package HSAUR3

Last updated on 2019-05-23 22:52:24 CEST.

Flavor Version Tinstall Tcheck Ttotal Status Flags
r-devel-linux-x86_64-debian-clang 1.0-9 3.11 206.45 209.56 OK
r-devel-linux-x86_64-debian-gcc 1.0-9 3.05 162.31 165.36 OK
r-devel-linux-x86_64-fedora-clang 1.0-9 274.59 NOTE
r-devel-linux-x86_64-fedora-gcc 1.0-9 265.99 OK
r-devel-windows-ix86+x86_64 1.0-9 10.00 84.00 94.00 OK --no-vignettes
r-patched-linux-x86_64 1.0-9 3.80 202.87 206.67 OK
r-patched-solaris-x86 1.0-9 395.00 NOTE
r-release-linux-x86_64 1.0-9 3.78 203.92 207.70 OK
r-release-windows-ix86+x86_64 1.0-9 15.00 64.00 79.00 OK --no-vignettes
r-release-osx-x86_64 1.0-9 OK
r-oldrel-windows-ix86+x86_64 1.0-9 8.00 63.00 71.00 OK --no-vignettes
r-oldrel-osx-x86_64 1.0-9 OK

Check Details

Version: 1.0-9
Check: installed package size
Result: NOTE
     installed size is 5.0Mb
     sub-directories of 1Mb or more:
     doc 3.7Mb
Flavors: r-devel-linux-x86_64-fedora-clang, r-patched-solaris-x86