Last updated on 2023-06-04 23:00:01 CEST.
Flavor | Version | Tinstall | Tcheck | Ttotal | Status | Flags |
---|---|---|---|---|---|---|
r-devel-linux-x86_64-debian-clang | 0.1 | 9.65 | 76.63 | 86.28 | NOTE | |
r-devel-linux-x86_64-debian-gcc | 0.1 | 7.01 | 60.20 | 67.21 | NOTE | |
r-devel-linux-x86_64-fedora-clang | 0.1 | 107.75 | NOTE | |||
r-devel-linux-x86_64-fedora-gcc | 0.1 | 115.15 | NOTE | |||
r-devel-windows-x86_64 | 0.1 | 9.00 | 80.00 | 89.00 | NOTE | |
r-patched-linux-x86_64 | 0.1 | 12.30 | 74.78 | 87.08 | NOTE | |
r-release-linux-x86_64 | 0.1 | 9.33 | 73.15 | 82.48 | NOTE | |
r-release-macos-arm64 | 0.1 | 36.00 | NOTE | |||
r-release-macos-x86_64 | 0.1 | 53.00 | NOTE | |||
r-release-windows-x86_64 | 0.1 | 11.00 | 88.00 | 99.00 | NOTE | |
r-oldrel-macos-arm64 | 0.1 | 36.00 | NOTE | |||
r-oldrel-macos-x86_64 | 0.1 | 46.00 | NOTE | |||
r-oldrel-windows-x86_64 | 0.1 | 11.00 | 90.00 | 101.00 | NOTE |
Version: 0.1
Check: LazyData
Result: NOTE
'LazyData' is specified without a 'data' directory
Flavors: r-devel-linux-x86_64-debian-clang, r-devel-linux-x86_64-debian-gcc, r-devel-linux-x86_64-fedora-clang, r-devel-linux-x86_64-fedora-gcc, r-devel-windows-x86_64, r-patched-linux-x86_64, r-release-linux-x86_64, r-release-macos-arm64, r-release-macos-x86_64, r-release-windows-x86_64, r-oldrel-macos-arm64, r-oldrel-macos-x86_64, r-oldrel-windows-x86_64