CRAN Package Check Results for Package HistData

Last updated on 2023-01-29 23:03:10 CET.

Flavor Version Tinstall Tcheck Ttotal Status Flags
r-devel-linux-x86_64-debian-clang 0.8-7 2.78 59.92 62.70 NOTE
r-devel-linux-x86_64-debian-gcc 0.8-7 2.40 44.74 47.14 NOTE
r-devel-linux-x86_64-fedora-clang 0.8-7 74.71 NOTE
r-devel-linux-x86_64-fedora-gcc 0.8-7 84.97 NOTE
r-devel-windows-x86_64 0.8-7 43.00 107.00 150.00 NOTE
r-patched-linux-x86_64 0.8-7 4.41 55.20 59.61 OK
r-release-linux-x86_64 0.8-7 2.79 54.74 57.53 OK
r-release-macos-arm64 0.8-7 23.00 OK
r-release-macos-x86_64 0.8-7 34.00 OK
r-release-windows-x86_64 0.8-7 36.00 108.00 144.00 OK
r-oldrel-macos-arm64 0.8-7 32.00 OK
r-oldrel-macos-x86_64 0.8-7 49.00 OK
r-oldrel-windows-ix86+x86_64 0.8-7 7.00 93.00 100.00 OK

Check Details

Version: 0.8-7
Check: Rd files
Result: NOTE
    checkRd: (-1) Snow.Rd:118: Escaped LaTeX specials: \&
    checkRd: (-1) Snow.Rd:142: Escaped LaTeX specials: \&
    checkRd: (-1) Yeast.Rd:56: Escaped LaTeX specials: \&
Flavors: r-devel-linux-x86_64-debian-clang, r-devel-linux-x86_64-debian-gcc, r-devel-linux-x86_64-fedora-clang, r-devel-linux-x86_64-fedora-gcc, r-devel-windows-x86_64

Version: 0.8-7
Check: Rd cross-references
Result: NOTE
    Undeclared packages ‘Guerry’, ‘alr4’, ‘agridat’, ‘coin’ in Rd xrefs
Flavor: r-devel-linux-x86_64-fedora-clang