CRAN Package Check Results for Package HiveR

Last updated on 2019-07-17 22:54:31 CEST.

Flavor Version Tinstall Tcheck Ttotal Status Flags
r-devel-linux-x86_64-debian-clang 0.3.42 11.66 214.72 226.38 OK
r-devel-linux-x86_64-debian-gcc 0.3.42 9.34 160.96 170.30 OK
r-devel-linux-x86_64-fedora-clang 0.3.42 272.52 OK
r-devel-linux-x86_64-fedora-gcc 0.3.42 255.98 OK
r-devel-windows-ix86+x86_64 0.3.42 24.00 257.00 281.00 OK
r-patched-linux-x86_64 0.3.42 11.51 200.09 211.60 OK
r-patched-solaris-x86 0.3.42 417.80 OK
r-release-linux-x86_64 0.3.42 12.04 198.41 210.45 OK
r-release-windows-ix86+x86_64 0.3.42 15.00 217.00 232.00 OK
r-release-osx-x86_64 0.3.42 WARN
r-oldrel-windows-ix86+x86_64 0.3.42 12.00 302.00 314.00 OK
r-oldrel-osx-x86_64 0.3.42 OK

Check Details

Version: 0.3.42
Check: whether package can be installed
Result: WARN
    Found the following significant warnings:
     Warning: 'rgl_init' failed, running with rgl.useNULL = TRUE
Flavor: r-release-osx-x86_64