CRAN Package Check Results for Package Hmisc

Last updated on 2018-09-17 22:51:03 CEST.

Flavor Version Tinstall Tcheck Ttotal Status Flags
r-devel-linux-x86_64-debian-clang 4.1-1 38.47 258.77 297.24 OK
r-devel-linux-x86_64-debian-gcc 4.1-1 35.52 198.32 233.84 OK
r-devel-linux-x86_64-fedora-clang 4.1-1 377.48 OK
r-devel-linux-x86_64-fedora-gcc 4.1-1 378.46 OK
r-devel-windows-ix86+x86_64 4.1-1 141.00 691.00 832.00 WARN
r-patched-linux-x86_64 4.1-1 38.37 237.14 275.51 OK
r-patched-solaris-x86 4.1-1 408.30 OK
r-release-linux-x86_64 4.1-1 35.75 240.53 276.28 OK
r-release-windows-ix86+x86_64 4.1-1 63.00 278.00 341.00 WARN
r-release-osx-x86_64 4.1-1 OK
r-oldrel-windows-ix86+x86_64 4.1-1 30.00 312.00 342.00 WARN
r-oldrel-osx-x86_64 4.1-1 OK

Check Details

Version: 4.1-1
Check: whether package can be installed
Result: WARN
    Found the following significant warnings:
     Warning: S3 methods '[.fun_list', '[.grouped_df', 'all.equal.tbl_df', 'anti_join.data.frame', 'anti_join.tbl_df', 'arrange.data.frame', 'arrange.default', 'arrange.grouped_df', 'arrange.tbl_df', 'arrange_.data.frame', 'arrange_.tbl_df', 'as.data.frame.grouped_df', 'as.data.frame.rowwise_df', 'as.data.frame.tbl_cube', 'as.data.frame.tbl_df', 'as.table.tbl_cube', 'as.tbl.data.frame', 'as.tbl.tbl', 'as.tbl_cube.array', 'as.tbl_cube.data.frame', 'as.tbl_cube.matrix', 'as.tbl_cube.table', 'as_data_frame.grouped_df', 'as_data_frame.tbl_cube', 'auto_copy.tbl_cube', 'auto_copy.tbl_df', 'cbind.grouped_df', 'collapse.data.frame', 'collect.data.frame', 'common_by.NULL', 'common_by.character', 'common_by.default', 'common_by.list', 'compute.data.frame', 'copy_to.DBIConnection', 'copy_to.src_local', 'default_missing.data.frame', 'default_missing.default', 'dim.tbl_cube', 'distinct.data.frame', 'distinct.default', 'distinct.grouped_df', 'distinct.tbl_df', 'distinct_.data.frame', 'distinct_.grouped_df', 'dist [... truncated]
Flavors: r-devel-windows-ix86+x86_64, r-release-windows-ix86+x86_64, r-oldrel-windows-ix86+x86_64