Last updated on 2023-09-26 23:04:15 CEST.
Flavor | Version | Tinstall | Tcheck | Ttotal | Status | Flags |
---|---|---|---|---|---|---|
r-devel-linux-x86_64-debian-clang | 4.0.2 | 30.15 | 47.29 | 77.44 | OK | |
r-devel-linux-x86_64-debian-gcc | 4.0.2 | 20.76 | 37.81 | 58.57 | OK | |
r-devel-linux-x86_64-fedora-clang | 4.0.2 | 117.47 | OK | |||
r-devel-linux-x86_64-fedora-gcc | 4.0.2 | 124.14 | OK | |||
r-devel-windows-x86_64 | 4.0.2 | 28.00 | 83.00 | 111.00 | OK | |
r-patched-linux-x86_64 | 4.0.2 | 31.70 | 46.78 | 78.48 | OK | |
r-release-linux-x86_64 | 4.0.2 | 32.16 | 47.05 | 79.21 | OK | |
r-release-macos-arm64 | 4.0.2 | 50.00 | NOTE | |||
r-release-macos-x86_64 | 4.0.2 | 64.00 | NOTE | |||
r-release-windows-x86_64 | 4.0.2 | 34.00 | 96.00 | 130.00 | OK | |
r-oldrel-macos-arm64 | 4.0.2 | 40.00 | NOTE | |||
r-oldrel-macos-x86_64 | 4.0.2 | 54.00 | NOTE | |||
r-oldrel-windows-x86_64 | 4.0.2 | 32.00 | 94.00 | 126.00 | OK |
Version: 4.0.2
Check: installed package size
Result: NOTE
installed size is 5.2Mb
sub-directories of 1Mb or more:
libs 5.1Mb
Flavors: r-release-macos-arm64, r-oldrel-macos-arm64, r-oldrel-macos-x86_64
Version: 4.0.2
Check: package dependencies
Result: NOTE
Package suggested but not available for checking: ‘jack’
Flavor: r-release-macos-x86_64