Last updated on 2024-04-18 22:52:44 CEST.
Flavor | Version | Tinstall | Tcheck | Ttotal | Status | Flags |
---|---|---|---|---|---|---|
r-devel-linux-x86_64-debian-clang | 4.0.2 | 31.81 | 50.83 | 82.64 | OK | |
r-devel-linux-x86_64-debian-gcc | 4.0.2 | 24.13 | 38.62 | 62.75 | OK | |
r-devel-linux-x86_64-fedora-clang | 4.0.2 | 113.05 | OK | |||
r-devel-linux-x86_64-fedora-gcc | 4.0.2 | 121.42 | OK | |||
r-prerel-macos-arm64 | 4.0.2 | 37.00 | OK | |||
r-prerel-windows-x86_64 | 4.0.2 | 25.00 | 82.00 | 107.00 | OK | |
r-patched-linux-x86_64 | 4.0.2 | 34.71 | 49.45 | 84.16 | OK | |
r-release-linux-x86_64 | 4.0.2 | 33.05 | 46.85 | 79.90 | OK | |
r-release-macos-arm64 | 4.0.2 | 50.00 | NOTE | |||
r-release-macos-x86_64 | 4.0.2 | 64.00 | NOTE | |||
r-release-windows-x86_64 | 4.0.2 | 33.00 | 98.00 | 131.00 | OK | |
r-oldrel-macos-arm64 | 4.0.2 | 40.00 | NOTE | |||
r-oldrel-windows-x86_64 | 4.0.2 | 33.00 | 99.00 | 132.00 | OK |
Version: 4.0.2
Check: installed package size
Result: NOTE
installed size is 5.2Mb
sub-directories of 1Mb or more:
libs 5.1Mb
Flavors: r-release-macos-arm64, r-oldrel-macos-arm64
Version: 4.0.2
Check: package dependencies
Result: NOTE
Package suggested but not available for checking: ‘jack’
Flavor: r-release-macos-x86_64