Last updated on 2023-12-07 21:55:49 CET.
Flavor | Version | Tinstall | Tcheck | Ttotal | Status | Flags |
---|---|---|---|---|---|---|
r-devel-linux-x86_64-debian-clang | 0.1.4 | 9.16 | 59.52 | 68.68 | NOTE | |
r-devel-linux-x86_64-debian-gcc | 0.1.4 | 9.61 | 46.31 | 55.92 | NOTE | |
r-devel-linux-x86_64-fedora-clang | 0.1.4 | 89.31 | OK | |||
r-devel-linux-x86_64-fedora-gcc | 0.1.4 | 87.41 | OK | |||
r-devel-windows-x86_64 | 0.1.4 | 13.00 | 73.00 | 86.00 | OK | |
r-patched-linux-x86_64 | 0.1.4 | 11.55 | 58.58 | 70.13 | OK | |
r-release-linux-x86_64 | 0.1.4 | 8.74 | 57.81 | 66.55 | OK | |
r-release-macos-arm64 | 0.1.4 | 41.00 | OK | |||
r-release-macos-x86_64 | 0.1.4 | 53.00 | OK | |||
r-release-windows-x86_64 | 0.1.4 | 16.00 | 85.00 | 101.00 | OK | |
r-oldrel-macos-arm64 | 0.1.4 | 35.00 | OK | |||
r-oldrel-macos-x86_64 | 0.1.4 | 60.00 | OK | |||
r-oldrel-windows-x86_64 | 0.1.4 | 17.00 | 88.00 | 105.00 | OK |
Version: 0.1.4
Check: Rd files
Result: NOTE
checkRd: (-1) get_p.Rd:29: Lost braces; missing escapes or markup?
29 | \item A numeric p_norm, giving the factor between p_{gs} and phi_{0gs} (see paper for details).
| ^
checkRd: (-1) get_p.Rd:29: Lost braces; missing escapes or markup?
29 | \item A numeric p_norm, giving the factor between p_{gs} and phi_{0gs} (see paper for details).
| ^
Flavors: r-devel-linux-x86_64-debian-clang, r-devel-linux-x86_64-debian-gcc