Last updated on 2024-04-18 22:52:44 CEST.
Flavor | Version | Tinstall | Tcheck | Ttotal | Status | Flags |
---|---|---|---|---|---|---|
r-devel-linux-x86_64-debian-clang | 1.3 | 2.46 | 65.42 | 67.88 | NOTE | |
r-devel-linux-x86_64-debian-gcc | 1.3 | 2.98 | 47.86 | 50.84 | NOTE | |
r-devel-linux-x86_64-fedora-clang | 1.3 | 83.84 | NOTE | |||
r-devel-linux-x86_64-fedora-gcc | 1.3 | 81.63 | NOTE | |||
r-prerel-macos-arm64 | 1.3 | 28.00 | NOTE | |||
r-prerel-windows-x86_64 | 1.3 | 4.00 | 71.00 | 75.00 | NOTE | |
r-patched-linux-x86_64 | 1.3 | 4.35 | 60.42 | 64.77 | NOTE | |
r-release-linux-x86_64 | 1.3 | 4.14 | 62.86 | 67.00 | NOTE | |
r-release-macos-arm64 | 1.3 | 29.00 | NOTE | |||
r-release-macos-x86_64 | 1.3 | 45.00 | NOTE | |||
r-release-windows-x86_64 | 1.3 | 4.00 | 80.00 | 84.00 | NOTE | |
r-oldrel-macos-arm64 | 1.3 | 31.00 | OK | |||
r-oldrel-windows-x86_64 | 1.3 | 5.00 | 82.00 | 87.00 | OK |
Version: 1.3
Check: Rd files
Result: NOTE
checkRd: (-1) ICEscale.Rd:53: Escaped LaTeX specials: \^
checkRd: (-1) dpwdg.Rd:14: Escaped LaTeX specials: \$
checkRd: (-1) dpwdg.Rd:15: Escaped LaTeX specials: \$
Flavors: r-devel-linux-x86_64-debian-clang, r-devel-linux-x86_64-debian-gcc, r-devel-linux-x86_64-fedora-clang, r-devel-linux-x86_64-fedora-gcc, r-prerel-macos-arm64, r-prerel-windows-x86_64, r-patched-linux-x86_64, r-release-linux-x86_64, r-release-macos-arm64, r-release-macos-x86_64, r-release-windows-x86_64