Last updated on 2023-10-04 00:01:49 CEST.
Flavor | Version | Tinstall | Tcheck | Ttotal | Status | Flags |
---|---|---|---|---|---|---|
r-devel-linux-x86_64-debian-clang | 0.2.0 | 34.80 | 114.22 | 149.02 | NOTE | |
r-devel-linux-x86_64-debian-gcc | 0.2.0 | 25.15 | 83.58 | 108.73 | NOTE | |
r-devel-linux-x86_64-fedora-clang | 0.2.0 | 213.33 | NOTE | |||
r-devel-linux-x86_64-fedora-gcc | 0.2.0 | 210.63 | NOTE | |||
r-devel-windows-x86_64 | 0.2.0 | 30.00 | 117.00 | 147.00 | NOTE | |
r-patched-linux-x86_64 | 0.2.0 | 35.72 | 105.66 | 141.38 | NOTE | |
r-release-linux-x86_64 | 0.2.0 | 31.08 | 107.73 | 138.81 | NOTE | |
r-release-macos-arm64 | 0.2.0 | 62.00 | NOTE | |||
r-release-macos-x86_64 | 0.2.0 | 100.00 | NOTE | |||
r-release-windows-x86_64 | 0.2.0 | 39.00 | 139.00 | 178.00 | NOTE | |
r-oldrel-macos-arm64 | 0.2.0 | 43.00 | OK | |||
r-oldrel-macos-x86_64 | 0.2.0 | 86.00 | OK | |||
r-oldrel-windows-x86_64 | 0.2.0 | 39.00 | 130.00 | 169.00 | OK |
Version: 0.2.0
Check: C++ specification
Result: NOTE
Specified C++11: please drop specification unless essential
Flavors: r-devel-linux-x86_64-debian-clang, r-devel-linux-x86_64-debian-gcc, r-devel-linux-x86_64-fedora-clang, r-devel-linux-x86_64-fedora-gcc, r-devel-windows-x86_64, r-patched-linux-x86_64, r-release-linux-x86_64, r-release-macos-arm64, r-release-macos-x86_64, r-release-windows-x86_64