CRAN Package Check Results for Package IDEAFilter

Last updated on 2025-01-20 22:49:01 CET.

Flavor Version Tinstall Tcheck Ttotal Status Flags
r-devel-linux-x86_64-debian-clang 0.2.0 6.23 57.86 64.09 NOTE
r-devel-linux-x86_64-debian-gcc 0.2.0 4.73 43.63 48.36 NOTE
r-devel-linux-x86_64-fedora-clang 0.2.0 108.07 OK
r-devel-linux-x86_64-fedora-gcc 0.2.0 123.24 OK
r-devel-windows-x86_64 0.2.0 9.00 83.00 92.00 NOTE
r-patched-linux-x86_64 0.2.0 11.59 54.71 66.30 OK
r-release-linux-x86_64 0.2.0 5.83 55.01 60.84 OK
r-release-macos-arm64 0.2.0 40.00 OK
r-release-macos-x86_64 0.2.0 59.00 OK
r-release-windows-x86_64 0.2.0 9.00 82.00 91.00 OK
r-oldrel-macos-arm64 0.2.0 42.00 OK
r-oldrel-macos-x86_64 0.2.0 82.00 OK
r-oldrel-windows-x86_64 0.2.0 10.00 91.00 101.00 OK

Check Details

Version: 0.2.0
Check: Rd cross-references
Result: NOTE Found the following Rd file(s) with Rd \link{} targets missing package anchors: filter_log_style.Rd: crayon Please provide package anchors for all Rd \link{} targets not in the package itself and the base packages. Flavors: r-devel-linux-x86_64-debian-clang, r-devel-linux-x86_64-debian-gcc, r-devel-windows-x86_64