CRAN Package Check Results for Package IETD

Last updated on 2023-09-24 22:59:41 CEST.

Flavor Version Tinstall Tcheck Ttotal Status Flags
r-devel-linux-x86_64-debian-clang 1.0.0 7.21 67.85 75.06 OK
r-devel-linux-x86_64-debian-gcc 1.0.0 4.26 49.70 53.96 OK
r-devel-linux-x86_64-fedora-clang 1.0.0 93.68 NOTE
r-devel-linux-x86_64-fedora-gcc 1.0.0 96.20 NOTE
r-devel-windows-x86_64 1.0.0 8.00 85.00 93.00 OK
r-patched-linux-x86_64 1.0.0 5.02 62.94 67.96 OK
r-release-linux-x86_64 1.0.0 7.32 64.57 71.89 OK
r-release-macos-arm64 1.0.0 32.00 OK
r-release-macos-x86_64 1.0.0 46.00 OK
r-release-windows-x86_64 1.0.0 10.00 100.00 110.00 OK
r-oldrel-macos-arm64 1.0.0 39.00 NOTE
r-oldrel-macos-x86_64 1.0.0 55.00 NOTE
r-oldrel-windows-x86_64 1.0.0 9.00 105.00 114.00 OK

Check Details

Version: 1.0.0
Check: dependencies in R code
Result: NOTE
    Namespace in Imports field not imported from: ‘Rdpack’
     All declared Imports should be used.
Flavors: r-devel-linux-x86_64-fedora-clang, r-devel-linux-x86_64-fedora-gcc, r-oldrel-macos-arm64, r-oldrel-macos-x86_64