CRAN Package Check Results for Package IFC

Last updated on 2024-03-02 22:41:56 CET.

Flavor Version Tinstall Tcheck Ttotal Status Flags
r-devel-linux-x86_64-debian-clang 0.2.1 67.58 173.19 240.77 NOTE
r-devel-linux-x86_64-debian-gcc 0.2.1 61.76 125.03 186.79 NOTE
r-devel-linux-x86_64-fedora-clang 0.2.1 303.54 NOTE
r-devel-linux-x86_64-fedora-gcc 0.2.1 309.91 NOTE
r-devel-windows-x86_64 0.2.1 62.00 175.00 237.00 NOTE
r-patched-linux-x86_64 0.2.1 62.50 164.11 226.61 NOTE
r-release-linux-x86_64 0.2.1 52.97 163.82 216.79 NOTE
r-release-macos-arm64 0.2.1 78.00 NOTE
r-release-macos-x86_64 0.2.1 149.00 NOTE
r-release-windows-x86_64 0.2.1 83.00 214.00 297.00 NOTE
r-oldrel-macos-arm64 0.2.1 69.00 NOTE
r-oldrel-windows-x86_64 0.2.1 77.00 159.00 236.00 NOTE

Check Details

Version: 0.2.1
Check: package dependencies
Result: NOTE Package suggested but not available for checking: ‘IFCdata’ Flavors: r-devel-linux-x86_64-debian-clang, r-devel-linux-x86_64-debian-gcc, r-devel-linux-x86_64-fedora-clang, r-devel-linux-x86_64-fedora-gcc, r-devel-windows-x86_64, r-patched-linux-x86_64, r-release-linux-x86_64, r-release-macos-arm64, r-release-macos-x86_64, r-release-windows-x86_64, r-oldrel-macos-arm64, r-oldrel-windows-x86_64

Version: 0.2.1
Check: installed package size
Result: NOTE installed size is 6.5Mb sub-directories of 1Mb or more: R 1.1Mb libs 4.6Mb Flavors: r-release-macos-arm64, r-release-macos-x86_64, r-oldrel-macos-arm64