Last updated on 2023-04-01 22:53:44 CEST.
Flavor | Version | Tinstall | Tcheck | Ttotal | Status | Flags |
---|---|---|---|---|---|---|
r-devel-linux-x86_64-debian-clang | 0.2.0 | 75.72 | 163.49 | 239.21 | NOTE | |
r-devel-linux-x86_64-debian-gcc | 0.2.0 | 62.32 | 120.57 | 182.89 | NOTE | |
r-devel-linux-x86_64-fedora-clang | 0.2.0 | 303.87 | NOTE | |||
r-devel-linux-x86_64-fedora-gcc | 0.2.0 | 289.79 | NOTE | |||
r-devel-windows-x86_64 | 0.2.0 | 101.00 | 238.00 | 339.00 | NOTE | |
r-patched-linux-x86_64 | 0.2.0 | 69.70 | 157.28 | 226.98 | NOTE | |
r-release-linux-x86_64 | 0.2.0 | 60.13 | 136.53 | 196.66 | NOTE | |
r-release-macos-arm64 | 0.2.0 | 63.00 | NOTE | |||
r-release-macos-x86_64 | 0.2.0 | 88.00 | NOTE | |||
r-release-windows-x86_64 | 0.2.0 | 104.00 | 227.00 | 331.00 | NOTE | |
r-oldrel-macos-arm64 | 0.2.0 | 63.00 | NOTE | |||
r-oldrel-macos-x86_64 | 0.2.0 | 92.00 | NOTE | |||
r-oldrel-windows-ix86+x86_64 | 0.2.0 | 149.00 | 187.00 | 336.00 | NOTE |
Version: 0.2.0
Check: package dependencies
Result: NOTE
Package suggested but not available for checking: ‘IFCdata’
Flavors: r-devel-linux-x86_64-debian-clang, r-devel-linux-x86_64-debian-gcc, r-devel-linux-x86_64-fedora-clang, r-devel-linux-x86_64-fedora-gcc, r-devel-windows-x86_64, r-patched-linux-x86_64, r-release-linux-x86_64, r-release-macos-arm64, r-release-macos-x86_64, r-release-windows-x86_64, r-oldrel-macos-arm64, r-oldrel-macos-x86_64, r-oldrel-windows-ix86+x86_64
Version: 0.2.0
Check: installed package size
Result: NOTE
installed size is 6.4Mb
sub-directories of 1Mb or more:
R 1.1Mb
libs 4.5Mb
Flavors: r-release-macos-arm64, r-release-macos-x86_64, r-oldrel-macos-arm64, r-oldrel-macos-x86_64