Last updated on 2024-04-18 22:52:45 CEST.
Flavor | Version | Tinstall | Tcheck | Ttotal | Status | Flags |
---|---|---|---|---|---|---|
r-devel-linux-x86_64-debian-clang | 0.2.4 | 37.91 | 171.41 | 209.32 | OK | |
r-devel-linux-x86_64-debian-gcc | 0.2.4 | 27.91 | 120.88 | 148.79 | OK | |
r-devel-linux-x86_64-fedora-clang | 0.2.4 | 261.39 | NOTE | |||
r-devel-linux-x86_64-fedora-gcc | 0.2.4 | 246.58 | NOTE | |||
r-prerel-macos-arm64 | 0.2.4 | 63.00 | OK | |||
r-prerel-windows-x86_64 | 0.2.4 | 29.00 | 129.00 | 158.00 | OK | |
r-patched-linux-x86_64 | 0.2.4 | 22.55 | 157.07 | 179.62 | OK | |
r-release-linux-x86_64 | 0.2.4 | 23.38 | 163.72 | 187.10 | OK | |
r-release-macos-arm64 | 0.2.4 | 71.00 | OK | |||
r-release-macos-x86_64 | 0.2.4 | 115.00 | OK | |||
r-release-windows-x86_64 | 0.2.4 | 40.00 | 178.00 | 218.00 | OK | |
r-oldrel-macos-arm64 | 0.2.4 | 64.00 | OK | |||
r-oldrel-windows-x86_64 | 0.2.4 | 38.00 | 174.00 | 212.00 | OK |
Version: 0.2.4
Check: compiled code
Result: NOTE
File ‘IFP/libs/IFP.so’:
Found no calls to: ‘R_registerRoutines’, ‘R_useDynamicSymbols’
It is good practice to register native routines and to disable symbol
search.
See ‘Writing portable packages’ in the ‘Writing R Extensions’ manual.
Flavors: r-devel-linux-x86_64-fedora-clang, r-devel-linux-x86_64-fedora-gcc