Last updated on 2024-03-27 22:57:48 CET.
Flavor | Version | Tinstall | Tcheck | Ttotal | Status | Flags |
---|---|---|---|---|---|---|
r-devel-linux-x86_64-debian-clang | 0.1.0 | 46.41 | 243.59 | 290.00 | NOTE | |
r-devel-linux-x86_64-debian-gcc | 0.1.0 | 34.57 | 184.02 | 218.59 | NOTE | |
r-devel-linux-x86_64-fedora-clang | 0.1.0 | 386.48 | NOTE | |||
r-devel-linux-x86_64-fedora-gcc | 0.1.0 | 357.71 | NOTE | |||
r-devel-windows-x86_64 | 0.1.0 | 28.00 | 169.00 | 197.00 | NOTE | |
r-patched-linux-x86_64 | 0.1.0 | 30.00 | 251.47 | 281.47 | NOTE | |
r-release-linux-x86_64 | 0.1.0 | 30.92 | 239.81 | 270.73 | NOTE | |
r-release-macos-arm64 | 0.1.0 | 84.00 | NOTE | |||
r-release-macos-x86_64 | 0.1.0 | 149.00 | NOTE | |||
r-release-windows-x86_64 | 0.1.0 | 38.00 | 217.00 | 255.00 | NOTE | |
r-oldrel-macos-arm64 | 0.1.0 | 67.00 | OK | |||
r-oldrel-windows-x86_64 | 0.1.0 | 39.00 | 209.00 | 248.00 | OK |
Version: 0.1.0
Check: package subdirectories
Result: NOTE
Problems with news in ‘NEWS.md’:
Cannot extract version info from the following section titles:
INSPECTumours (development version)
Flavors: r-devel-linux-x86_64-debian-clang, r-devel-linux-x86_64-debian-gcc, r-devel-linux-x86_64-fedora-clang, r-devel-linux-x86_64-fedora-gcc, r-devel-windows-x86_64, r-patched-linux-x86_64, r-release-linux-x86_64, r-release-macos-arm64, r-release-macos-x86_64, r-release-windows-x86_64
Version: 0.1.0
Check: package dependencies
Result: NOTE
Imports includes 25 non-default packages.
Importing from so many packages makes the package vulnerable to any of
them becoming unavailable. Move as many as possible to Suggests and
use conditionally.
Flavor: r-devel-linux-x86_64-fedora-clang