Last updated on 2024-03-27 22:57:48 CET.
Flavor | Version | Tinstall | Tcheck | Ttotal | Status | Flags |
---|---|---|---|---|---|---|
r-devel-linux-x86_64-debian-clang | 1.5 | 16.48 | 116.31 | 132.79 | OK | |
r-devel-linux-x86_64-debian-gcc | 1.5 | 13.32 | 86.59 | 99.91 | OK | |
r-devel-linux-x86_64-fedora-clang | 1.5 | 166.08 | NOTE | |||
r-devel-linux-x86_64-fedora-gcc | 1.5 | 160.94 | NOTE | |||
r-devel-windows-x86_64 | 1.5 | 16.00 | 96.00 | 112.00 | OK | |
r-patched-linux-x86_64 | 1.5 | 13.22 | 110.62 | 123.84 | OK | |
r-release-linux-x86_64 | 1.5 | 17.13 | 112.23 | 129.36 | OK | |
r-release-macos-arm64 | 1.5 | 50.00 | OK | |||
r-release-macos-x86_64 | 1.5 | 76.00 | OK | |||
r-release-windows-x86_64 | 1.5 | 20.00 | 119.00 | 139.00 | OK | |
r-oldrel-macos-arm64 | 1.5 | 31.00 | OK | |||
r-oldrel-windows-x86_64 | 1.5 | 22.00 | 118.00 | 140.00 | OK |
Version: 1.5
Check: compiled code
Result: NOTE
File ‘INSPIRE/libs/INSPIRE.so’:
Found no calls to: ‘R_registerRoutines’, ‘R_useDynamicSymbols’
It is good practice to register native routines and to disable symbol
search.
See ‘Writing portable packages’ in the ‘Writing R Extensions’ manual.
Flavors: r-devel-linux-x86_64-fedora-clang, r-devel-linux-x86_64-fedora-gcc