CRAN Package Check Results for Package IPSUR

Last updated on 2019-05-25 22:51:06 CEST.

Flavor Version Tinstall Tcheck Ttotal Status Flags
r-devel-linux-x86_64-debian-clang 3.0 2.37 53.78 56.15 OK
r-devel-linux-x86_64-debian-gcc 3.0 1.86 42.01 43.87 OK
r-devel-linux-x86_64-fedora-clang 3.0 63.99 NOTE
r-devel-linux-x86_64-fedora-gcc 3.0 63.01 NOTE
r-devel-windows-ix86+x86_64 3.0 8.00 50.00 58.00 OK
r-patched-linux-x86_64 3.0 OK
r-patched-solaris-x86 3.0 61.10 NOTE
r-release-linux-x86_64 3.0 2.31 53.72 56.03 OK
r-release-windows-ix86+x86_64 3.0 17.00 65.00 82.00 OK
r-release-osx-x86_64 3.0 NOTE
r-oldrel-windows-ix86+x86_64 3.0 9.00 61.00 70.00 OK
r-oldrel-osx-x86_64 3.0 NOTE

Check Details

Version: 3.0
Check: dependencies in R code
Result: NOTE
    Namespaces in Imports field not imported from:
     ‘Hmisc’ ‘RcmdrPlugin.IPSUR’ ‘TeachingDemos’ ‘actuar’ ‘aplpack’
     ‘binom’ ‘boot’ ‘coin’ ‘distrEx’ ‘e1071’ ‘lmtest’ ‘mvtnorm’ ‘prob’
     ‘qcc’ ‘reshape’ ‘scatterplot3d’ ‘vcd’
     All declared Imports should be used.
Flavors: r-devel-linux-x86_64-fedora-clang, r-devel-linux-x86_64-fedora-gcc, r-patched-solaris-x86, r-release-osx-x86_64, r-oldrel-osx-x86_64