CRAN Package Check Results for Package IRexamples

Last updated on 2023-01-28 22:55:16 CET.

Flavor Version Tinstall Tcheck Ttotal Status Flags
r-devel-linux-x86_64-debian-clang 0.0.2 20.15 259.76 279.91 OK
r-devel-linux-x86_64-debian-gcc 0.0.2 15.06 192.10 207.16 OK
r-devel-linux-x86_64-fedora-clang 0.0.2 362.50 NOTE
r-devel-linux-x86_64-fedora-gcc 0.0.2 356.72 NOTE
r-devel-windows-x86_64 0.0.2 28.00 275.00 303.00 NOTE
r-patched-linux-x86_64 0.0.2 18.97 251.20 270.17 OK
r-release-linux-x86_64 0.0.2 19.24 248.15 267.39 OK
r-release-macos-arm64 0.0.2 95.00 NOTE
r-release-macos-x86_64 0.0.2 139.00 NOTE
r-release-windows-x86_64 0.0.2 61.00 266.00 327.00 NOTE
r-oldrel-macos-arm64 0.0.2 74.00 NOTE
r-oldrel-macos-x86_64 0.0.2 138.00 NOTE
r-oldrel-windows-ix86+x86_64 0.0.2 42.00 275.00 317.00 NOTE

Check Details

Version: 0.0.2
Check: installed package size
Result: NOTE
     installed size is 5.6Mb
     sub-directories of 1Mb or more:
     doc 5.2Mb
Flavors: r-devel-linux-x86_64-fedora-clang, r-devel-windows-x86_64, r-release-macos-arm64, r-release-macos-x86_64, r-release-windows-x86_64, r-oldrel-macos-arm64, r-oldrel-macos-x86_64, r-oldrel-windows-ix86+x86_64

Version: 0.0.2
Check: data for non-ASCII characters
Result: NOTE
     Note: found 1 marked UTF-8 string
Flavors: r-devel-linux-x86_64-fedora-clang, r-devel-linux-x86_64-fedora-gcc, r-release-macos-arm64, r-release-macos-x86_64, r-oldrel-macos-arm64, r-oldrel-macos-x86_64