CRAN Package Check Results for Package ISEtools

Last updated on 2019-08-23 22:50:01 CEST.

Flavor Version Tinstall Tcheck Ttotal Status Flags
r-devel-linux-x86_64-debian-clang 3.1.1 3.27 35.60 38.87 OK
r-devel-linux-x86_64-debian-gcc 3.1.1 OK
r-devel-linux-x86_64-fedora-clang 3.1.1 47.25 OK
r-devel-linux-x86_64-fedora-gcc 3.1.1 48.10 OK
r-devel-windows-ix86+x86_64 3.1.1 9.00 46.00 55.00 OK
r-patched-linux-x86_64 3.1.1 3.90 35.75 39.65 OK
r-patched-solaris-x86 3.1.1 66.20 NOTE
r-release-linux-x86_64 3.1.1 4.08 35.82 39.90 OK
r-release-windows-ix86+x86_64 3.1.1 13.00 62.00 75.00 OK
r-release-osx-x86_64 3.1.1 NOTE
r-oldrel-windows-ix86+x86_64 3.1.1 9.00 57.00 66.00 OK
r-oldrel-osx-x86_64 3.1.1 NOTE

Check Details

Version: 3.1.1
Check: package dependencies
Result: NOTE
    Package suggested but not available for checking: ‘BRugs’
Flavors: r-patched-solaris-x86, r-release-osx-x86_64, r-oldrel-osx-x86_64