CRAN Package Check Results for Package ISEtools

Last updated on 2020-01-18 22:48:35 CET.

Flavor Version Tinstall Tcheck Ttotal Status Flags
r-devel-linux-x86_64-debian-clang 3.1.1 4.89 38.93 43.82 OK
r-devel-linux-x86_64-debian-gcc 3.1.1 3.89 30.27 34.16 OK
r-devel-linux-x86_64-fedora-clang 3.1.1 52.48 OK
r-devel-linux-x86_64-fedora-gcc 3.1.1 53.76 OK
r-devel-windows-ix86+x86_64 3.1.1 16.00 71.00 87.00 OK
r-devel-windows-ix86+x86_64-gcc8 3.1.1 9.00 51.00 60.00 OK
r-patched-linux-x86_64 3.1.1 3.25 35.05 38.30 OK
r-patched-solaris-x86 3.1.1 70.10 NOTE
r-release-linux-x86_64 3.1.1 3.74 35.43 39.17 OK
r-release-windows-ix86+x86_64 3.1.1 11.00 49.00 60.00 OK
r-release-osx-x86_64 3.1.1 NOTE
r-oldrel-windows-ix86+x86_64 3.1.1 10.00 44.00 54.00 OK
r-oldrel-osx-x86_64 3.1.1 NOTE

Check Details

Version: 3.1.1
Check: package dependencies
Result: NOTE
    Package suggested but not available for checking: ‘BRugs’
Flavors: r-patched-solaris-x86, r-release-osx-x86_64, r-oldrel-osx-x86_64