Last updated on 2021-03-03 22:51:18 CET.
Flavor | Version | Tinstall | Tcheck | Ttotal | Status | Flags |
---|---|---|---|---|---|---|
r-devel-linux-x86_64-debian-clang | 1.7.8 | 14.08 | 113.57 | 127.65 | OK | |
r-devel-linux-x86_64-debian-gcc | 1.7.8 | 11.27 | 83.84 | 95.11 | OK | |
r-devel-linux-x86_64-fedora-clang | 1.7.8 | 157.28 | NOTE | |||
r-devel-linux-x86_64-fedora-gcc | 1.7.8 | 148.17 | NOTE | |||
r-devel-windows-ix86+x86_64 | 1.7.8 | 30.00 | 135.00 | 165.00 | OK | |
r-patched-linux-x86_64 | 1.7.8 | 13.34 | 103.79 | 117.13 | OK | |
r-patched-solaris-x86 | 1.7.8 | 208.00 | NOTE | |||
r-release-linux-x86_64 | 1.7.8 | 12.24 | 104.25 | 116.49 | OK | |
r-release-macos-x86_64 | 1.7.8 | NOTE | ||||
r-release-windows-ix86+x86_64 | 1.7.8 | 23.00 | 106.00 | 129.00 | OK | |
r-oldrel-macos-x86_64 | 1.7.8 | NOTE | ||||
r-oldrel-windows-ix86+x86_64 | 1.7.8 | 26.00 | 129.00 | 155.00 | OK |
Version: 1.7.8
Check: data for non-ASCII characters
Result: NOTE
Note: found 1 marked UTF-8 string
Flavors: r-devel-linux-x86_64-fedora-clang, r-devel-linux-x86_64-fedora-gcc, r-patched-solaris-x86, r-release-macos-x86_64, r-oldrel-macos-x86_64