Last updated on 2024-04-17 22:59:56 CEST.
Flavor | Version | Tinstall | Tcheck | Ttotal | Status | Flags |
---|---|---|---|---|---|---|
r-devel-linux-x86_64-debian-clang | 2.0-8 | 2.55 | 41.16 | 43.71 | NOTE | |
r-devel-linux-x86_64-debian-gcc | 2.0-8 | 2.09 | 31.09 | 33.18 | NOTE | |
r-devel-linux-x86_64-fedora-clang | 2.0-8 | 56.23 | NOTE | |||
r-devel-linux-x86_64-fedora-gcc | 2.0-8 | 52.38 | NOTE | |||
r-prerel-macos-arm64 | 2.0-8 | 19.00 | NOTE | |||
r-prerel-windows-x86_64 | 2.0-8 | 5.00 | 60.00 | 65.00 | NOTE | |
r-patched-linux-x86_64 | 2.0-8 | 2.59 | 38.46 | 41.05 | NOTE | |
r-release-linux-x86_64 | 2.0-8 | 2.84 | 40.88 | 43.72 | OK | |
r-release-macos-arm64 | 2.0-8 | 21.00 | OK | |||
r-release-macos-x86_64 | 2.0-8 | 30.00 | OK | |||
r-release-windows-x86_64 | 2.0-8 | 4.00 | 65.00 | 69.00 | OK | |
r-oldrel-macos-arm64 | 2.0-8 | 21.00 | OK | |||
r-oldrel-windows-x86_64 | 2.0-8 | 4.00 | 66.00 | 70.00 | OK |
Version: 2.0-8
Check: Rd files
Result: NOTE
checkRd: (-1) secretin.Rd:17: Lost braces
17 | {\code{a}: 1st sample};
| ^
checkRd: (-1) secretin.Rd:18: Lost braces
18 | {\code{b}: 2nd sample}.}
| ^
checkRd: (-1) secretin.Rd:20: Lost braces
20 | {\code{20+}: 20 minutes or longer since injection};
| ^
checkRd: (-1) secretin.Rd:21: Lost braces
21 | {\code{pre}: before injection.}}
| ^
checkRd: (-1) secretin.Rd:23: Lost braces
23 | {\code{20}: 20 minutes since injection};
| ^
checkRd: (-1) secretin.Rd:24: Lost braces
24 | {\code{30+}: 30 minutes or longer since injection};
| ^
checkRd: (-1) secretin.Rd:25: Lost braces
25 | {\code{pre}: before injection. }}
| ^
Flavors: r-devel-linux-x86_64-debian-clang, r-devel-linux-x86_64-debian-gcc, r-devel-linux-x86_64-fedora-clang, r-devel-linux-x86_64-fedora-gcc, r-prerel-macos-arm64, r-prerel-windows-x86_64, r-patched-linux-x86_64