Last updated on 2024-04-18 22:52:45 CEST.
Flavor | Version | Tinstall | Tcheck | Ttotal | Status | Flags |
---|---|---|---|---|---|---|
r-devel-linux-x86_64-debian-clang | 1.1.4.4 | 127.64 | 99.68 | 227.32 | NOTE | |
r-devel-linux-x86_64-debian-gcc | 1.1.4.4 | 99.64 | 72.30 | 171.94 | NOTE | |
r-devel-linux-x86_64-fedora-clang | 1.1.4.4 | 320.28 | NOTE | |||
r-devel-linux-x86_64-fedora-gcc | 1.1.4.4 | 327.02 | NOTE | |||
r-prerel-macos-arm64 | 1.1.4.4 | 68.00 | NOTE | |||
r-prerel-windows-x86_64 | 1.1.4.4 | 102.00 | 111.00 | 213.00 | NOTE | |
r-patched-linux-x86_64 | 1.1.4.4 | 129.59 | 90.65 | 220.24 | NOTE | |
r-release-linux-x86_64 | 1.1.4.4 | 118.86 | 92.88 | 211.74 | NOTE | |
r-release-macos-arm64 | 1.1.4.4 | 84.00 | NOTE | |||
r-release-macos-x86_64 | 1.1.4.4 | 130.00 | NOTE | |||
r-release-windows-x86_64 | 1.1.4.4 | 128.00 | 131.00 | 259.00 | NOTE | |
r-oldrel-macos-arm64 | 1.1.4.4 | 69.00 | NOTE | |||
r-oldrel-windows-x86_64 | 1.1.4.4 | 127.00 | 134.00 | 261.00 | NOTE |
Version: 1.1.4.4
Check: C++ specification
Result: NOTE
Specified C++11: please drop specification unless essential
Flavors: r-devel-linux-x86_64-debian-clang, r-devel-linux-x86_64-debian-gcc, r-devel-linux-x86_64-fedora-clang, r-devel-linux-x86_64-fedora-gcc, r-prerel-macos-arm64, r-prerel-windows-x86_64, r-patched-linux-x86_64, r-release-linux-x86_64, r-release-macos-arm64, r-release-macos-x86_64, r-release-windows-x86_64
Version: 1.1.4.4
Check: for GNU extensions in Makefiles
Result: NOTE
GNU make is a SystemRequirements.
Flavors: r-devel-linux-x86_64-debian-clang, r-devel-linux-x86_64-debian-gcc, r-devel-linux-x86_64-fedora-clang, r-devel-linux-x86_64-fedora-gcc, r-prerel-macos-arm64, r-prerel-windows-x86_64, r-patched-linux-x86_64, r-release-linux-x86_64, r-release-macos-arm64, r-release-macos-x86_64, r-release-windows-x86_64, r-oldrel-macos-arm64, r-oldrel-windows-x86_64
Version: 1.1.4.4
Check: installed package size
Result: NOTE
installed size is 6.8Mb
sub-directories of 1Mb or more:
libs 5.1Mb
Flavors: r-prerel-macos-arm64, r-release-macos-arm64, r-release-macos-x86_64, r-oldrel-macos-arm64