CRAN Package Check Results for Package InjurySeverityScore

Last updated on 2024-06-23 22:48:32 CEST.

Flavor Version Tinstall Tcheck Ttotal Status Flags
r-devel-linux-x86_64-debian-clang 0.0.0.2 2.32 23.34 25.66 NOTE
r-devel-linux-x86_64-debian-gcc 0.0.0.2 1.63 18.13 19.76 NOTE
r-devel-linux-x86_64-fedora-clang 0.0.0.2 32.40 NOTE
r-devel-linux-x86_64-fedora-gcc 0.0.0.2 30.97 NOTE
r-devel-windows-x86_64 0.0.0.2 4.00 40.00 44.00 NOTE
r-patched-linux-x86_64 0.0.0.2 2.17 22.25 24.42 NOTE
r-release-linux-x86_64 0.0.0.2 1.29 22.34 23.63 NOTE
r-release-macos-arm64 0.0.0.2 14.00 NOTE
r-release-macos-x86_64 0.0.0.2 21.00 NOTE
r-release-windows-x86_64 0.0.0.2 3.00 40.00 43.00 NOTE
r-oldrel-macos-arm64 0.0.0.2 17.00 NOTE
r-oldrel-macos-x86_64 0.0.0.2 21.00 NOTE
r-oldrel-windows-x86_64 0.0.0.2 4.00 41.00 45.00 NOTE

Check Details

Version: 0.0.0.2
Check: LazyData
Result: NOTE 'LazyData' is specified without a 'data' directory Flavors: r-devel-linux-x86_64-debian-clang, r-devel-linux-x86_64-debian-gcc, r-devel-linux-x86_64-fedora-clang, r-devel-linux-x86_64-fedora-gcc, r-devel-windows-x86_64, r-patched-linux-x86_64, r-release-linux-x86_64, r-release-macos-arm64, r-release-macos-x86_64, r-release-windows-x86_64, r-oldrel-macos-arm64, r-oldrel-macos-x86_64, r-oldrel-windows-x86_64