Last updated on 2024-04-18 22:52:45 CEST.
Flavor | Version | Tinstall | Tcheck | Ttotal | Status | Flags |
---|---|---|---|---|---|---|
r-devel-linux-x86_64-debian-clang | 1.1.3 | 5.05 | 210.42 | 215.47 | OK | |
r-devel-linux-x86_64-debian-gcc | 1.1.3 | 3.51 | 171.18 | 174.69 | OK | |
r-devel-linux-x86_64-fedora-clang | 1.1.3 | 257.47 | NOTE | |||
r-devel-linux-x86_64-fedora-gcc | 1.1.3 | 253.33 | NOTE | |||
r-prerel-macos-arm64 | 1.1.3 | 73.00 | OK | |||
r-prerel-windows-x86_64 | 1.1.3 | 7.00 | 262.00 | 269.00 | OK | |
r-patched-linux-x86_64 | 1.1.3 | 5.02 | 221.50 | 226.52 | OK | |
r-release-linux-x86_64 | 1.1.3 | 3.81 | 219.43 | 223.24 | OK | |
r-release-macos-arm64 | 1.1.3 | 82.00 | OK | |||
r-release-macos-x86_64 | 1.1.3 | 124.00 | OK | |||
r-release-windows-x86_64 | 1.1.3 | 6.00 | 319.00 | 325.00 | OK | |
r-oldrel-macos-arm64 | 1.1.3 | 74.00 | NOTE | |||
r-oldrel-windows-x86_64 | 1.1.3 | 6.00 | 299.00 | 305.00 | OK |
Version: 1.1.3
Check: dependencies in R code
Result: NOTE
Namespaces in Imports field not imported from:
‘curl’ ‘readxl’
All declared Imports should be used.
Flavors: r-devel-linux-x86_64-fedora-clang, r-devel-linux-x86_64-fedora-gcc, r-oldrel-macos-arm64