CRAN Package Check Results for Package InvStablePrior

Last updated on 2023-06-04 23:00:01 CEST.

Flavor Version Tinstall Tcheck Ttotal Status Flags
r-devel-linux-x86_64-debian-clang 0.1.0 1.60 27.42 29.02 OK
r-devel-linux-x86_64-debian-gcc 0.1.0 1.84 22.28 24.12 OK
r-devel-linux-x86_64-fedora-clang 0.1.0 37.43 NOTE
r-devel-linux-x86_64-fedora-gcc 0.1.0 38.44 NOTE
r-devel-windows-x86_64 0.1.0 4.00 51.00 55.00 OK
r-patched-linux-x86_64 0.1.0 1.77 26.96 28.73 OK
r-release-linux-x86_64 0.1.0 2.21 26.89 29.10 OK
r-release-macos-arm64 0.1.0 19.00 OK
r-release-macos-x86_64 0.1.0 23.00 OK
r-release-windows-x86_64 0.1.0 5.00 47.00 52.00 OK
r-oldrel-macos-arm64 0.1.0 16.00 OK
r-oldrel-macos-x86_64 0.1.0 23.00 NOTE
r-oldrel-windows-x86_64 0.1.0 4.00 51.00 55.00 OK

Check Details

Version: 0.1.0
Check: dependencies in R code
Result: NOTE
    Namespaces in Imports field not imported from:
     ‘fdrtool’ ‘nimble’
     All declared Imports should be used.
Flavors: r-devel-linux-x86_64-fedora-clang, r-devel-linux-x86_64-fedora-gcc, r-oldrel-macos-x86_64