Last updated on 2024-04-18 22:52:45 CEST.
Flavor | Version | Tinstall | Tcheck | Ttotal | Status | Flags |
---|---|---|---|---|---|---|
r-devel-linux-x86_64-debian-clang | 1.1.0.1 | 5.56 | 40.94 | 46.50 | NOTE | |
r-devel-linux-x86_64-debian-gcc | 1.1.0.1 | 3.30 | 30.34 | 33.64 | NOTE | |
r-devel-linux-x86_64-fedora-clang | 1.1.0.1 | 56.46 | NOTE | |||
r-devel-linux-x86_64-fedora-gcc | 1.1.0.1 | 53.12 | NOTE | |||
r-prerel-macos-arm64 | 1.1.0.1 | 20.00 | NOTE | |||
r-prerel-windows-x86_64 | 1.1.0.1 | 6.00 | 58.00 | 64.00 | NOTE | |
r-patched-linux-x86_64 | 1.1.0.1 | 5.33 | 37.54 | 42.87 | NOTE | |
r-release-linux-x86_64 | 1.1.0.1 | 5.93 | 38.43 | 44.36 | OK | |
r-release-macos-arm64 | 1.1.0.1 | 20.00 | OK | |||
r-release-macos-x86_64 | 1.1.0.1 | 36.00 | OK | |||
r-release-windows-x86_64 | 1.1.0.1 | 8.00 | 58.00 | 66.00 | OK | |
r-oldrel-macos-arm64 | 1.1.0.1 | 23.00 | OK | |||
r-oldrel-windows-x86_64 | 1.1.0.1 | 7.00 | 62.00 | 69.00 | OK |
Version: 1.1.0.1
Check: Rd files
Result: NOTE
checkRd: (-1) Inventorymodel-package.Rd:34: Lost braces
34 | M.G. Fiestras-Janeiro, I. GarcĂa-Jurado, A. Meca, M.A. Mosquera (2015). Cooperation on capacitated inventory situations with fixed holding costs. emph{European Journal of Operational Research}, \bold{241}(3), 719--726.
| ^
Flavors: r-devel-linux-x86_64-debian-clang, r-devel-linux-x86_64-debian-gcc, r-devel-linux-x86_64-fedora-clang, r-devel-linux-x86_64-fedora-gcc, r-prerel-macos-arm64, r-prerel-windows-x86_64, r-patched-linux-x86_64